{"id":2360,"date":"2025-07-16T11:35:11","date_gmt":"2025-07-16T09:35:11","guid":{"rendered":"http:\/\/liege.aideetsoinsadomicile.be\/?post_type=service&#038;p=2360"},"modified":"2025-12-17T11:25:33","modified_gmt":"2025-12-17T10:25:33","slug":"naaiatelier","status":"publish","type":"service","link":"https:\/\/liege.aideetsoinsadomicile.be\/nl\/service\/atelier-couture\/","title":{"rendered":"Naaiatelier"},"content":{"rendered":"<p><span data-contrast=\"auto\">L\u2019atelier couture propose des retouches, modifications et cr\u00e9ations sur mesure de v\u00eatements ainsi que de la confection d\u2019articles d\u2019ameublement et de linge de maison.\u00a0<\/span><\/p>\n<p><b><span data-contrast=\"none\">En fonction des besoins<\/span><\/b><span data-ccp-props=\"{&quot;134245418&quot;:true,&quot;134245529&quot;:true,&quot;335559738&quot;:280,&quot;335559739&quot;:80}\">\u00a0<\/span><\/p>\n<ul>\n<li data-leveltext=\"\u25cf\" data-font=\"\" data-listid=\"23\" data-list-defn-props=\"{&quot;335552541&quot;:1,&quot;335559685&quot;:360,&quot;335559991&quot;:360,&quot;469769242&quot;:[8226],&quot;469777803&quot;:&quot;left&quot;,&quot;469777804&quot;:&quot;\u25cf&quot;,&quot;469777815&quot;:&quot;multilevel&quot;}\" data-aria-posinset=\"10\" data-aria-level=\"1\"><span data-contrast=\"auto\">Adaptation des v\u00eatements en fonction du handicap et des difficult\u00e9s<\/span><span data-ccp-props=\"{}\">\u00a0<\/span><\/li>\n<\/ul>\n<ul>\n<li data-leveltext=\"\u25cf\" data-font=\"\" data-listid=\"23\" data-list-defn-props=\"{&quot;335552541&quot;:1,&quot;335559685&quot;:360,&quot;335559991&quot;:360,&quot;469769242&quot;:[8226],&quot;469777803&quot;:&quot;left&quot;,&quot;469777804&quot;:&quot;\u25cf&quot;,&quot;469777815&quot;:&quot;multilevel&quot;}\" data-aria-posinset=\"11\" data-aria-level=\"1\"><span data-contrast=\"auto\">Confection de rideaux, coussins, housses, nappes, linge de maison<\/span><span data-ccp-props=\"{}\">\u00a0<\/span><\/li>\n<\/ul>\n<ul>\n<li data-leveltext=\"\u25cf\" data-font=\"\" data-listid=\"23\" data-list-defn-props=\"{&quot;335552541&quot;:1,&quot;335559685&quot;:360,&quot;335559991&quot;:360,&quot;469769242&quot;:[8226],&quot;469777803&quot;:&quot;left&quot;,&quot;469777804&quot;:&quot;\u25cf&quot;,&quot;469777815&quot;:&quot;multilevel&quot;}\" data-aria-posinset=\"12\" data-aria-level=\"1\"><span data-contrast=\"auto\">Customisation et cr\u00e9ations personnalis\u00e9es<\/span><span data-ccp-props=\"{}\">\u00a0<\/span><\/li>\n<\/ul>\n<ul>\n<li data-leveltext=\"\u25cf\" data-font=\"\" data-listid=\"23\" data-list-defn-props=\"{&quot;335552541&quot;:1,&quot;335559685&quot;:360,&quot;335559991&quot;:360,&quot;469769242&quot;:[8226],&quot;469777803&quot;:&quot;left&quot;,&quot;469777804&quot;:&quot;\u25cf&quot;,&quot;469777815&quot;:&quot;multilevel&quot;}\" data-aria-posinset=\"14\" data-aria-level=\"1\"><span data-contrast=\"auto\">Retouches, mises \u00e0 mesure et petits raccommodages<\/span><span data-ccp-props=\"{}\">\u00a0<\/span><\/li>\n<\/ul>\n<p><b><span data-contrast=\"none\">Organisation pens\u00e9e pour le bien-\u00eatre \u00e0 domicile<\/span><\/b><span data-ccp-props=\"{&quot;134245418&quot;:true,&quot;134245529&quot;:true,&quot;335559738&quot;:280,&quot;335559739&quot;:80}\">\u00a0<\/span><\/p>\n<p>Chaque personne est unique et, certaines situations de vie n\u00e9cessitent des solutions vestimentaires sp\u00e9cifiques. Nous r\u00e9pondons \u00e0 ces besoins particuliers, en offrant des solutions personnalis\u00e9es qui allient confort, praticit\u00e9, et esth\u00e9tisme.<\/p>\n<p>Notre \u00e9quipe travaille en \u00e9troite collaboration avec vous pour adapter vos v\u00eatements en fonction de vos besoins. Que ce soit pour faciliter l\u2019habillage, am\u00e9liorer la mobilit\u00e9, ou simplement rendre un v\u00eatement plus confortable au quotidien, nous mettons tout en \u0153uvre pour cr\u00e9er des ajustements sur mesure. Nous int\u00e9grons des \u00e9l\u00e9ments comme des fermetures magn\u00e9tiques, des coutures plates, ou des ouvertures discr\u00e8tes, tout en respectant votre style et vos pr\u00e9f\u00e9rences personnelles.<\/p>\n<p>Chaque adaptation est r\u00e9alis\u00e9e avec soin, en tenant compte des mat\u00e9riaux et des techniques les plus appropri\u00e9s pour garantir non seulement la fonctionnalit\u00e9, mais aussi la durabilit\u00e9 et l\u2019esth\u00e9tisme des v\u00eatements.<\/p>\n<p><b><span data-contrast=\"none\">Permanence t\u00e9l\u00e9phonique\u00a0<\/span><\/b><span data-ccp-props=\"{&quot;134245418&quot;:true,&quot;134245529&quot;:true,&quot;335559738&quot;:280,&quot;335559739&quot;:80}\">\u00a0<\/span><\/p>\n<p><span data-contrast=\"auto\">Notre service est disponible par t\u00e9l\u00e9phone du lundi au vendredi de 08h30 \u00e0 16h30.\u00a0<\/span><span data-ccp-props=\"{}\">\u00a0<\/span><\/p>\n<p><b><span data-contrast=\"none\">Tarification<\/span><\/b><span data-ccp-props=\"{&quot;134245418&quot;:true,&quot;134245529&quot;:true,&quot;335559738&quot;:280,&quot;335559739&quot;:80}\">\u00a0<\/span><\/p>\n<p><span data-contrast=\"auto\">Les tarifs peuvent varier selon le type de prestation. Pour conna\u00eetre les conditions exactes qui s\u2019appliquent, contactez l\u2019ASD de votre r\u00e9gion.<\/span><span data-ccp-props=\"{}\">\u00a0<\/span><\/p>\n<p><span data-ccp-props=\"{}\">\u00a0<\/span><\/p>\n<p><span data-contrast=\"auto\">Nos \u00e9quipes accompagnent au quotidien avec comp\u00e9tence et humanit\u00e9, pour des aides \u00e0 domicile en toute confiance.<\/span><span data-ccp-props=\"{}\">\u00a0<\/span><\/p>\n<p><span data-ccp-props=\"{}\">\u00a0<\/span><\/p>\n<p><b><span data-contrast=\"auto\">LI\u00c8GE &#8211; VERVIERS<\/span><\/b><span data-ccp-props=\"{&quot;335551550&quot;:2,&quot;335551620&quot;:2}\">\u00a0<\/span><\/p>","protected":false},"author":1,"featured_media":5013,"parent":0,"menu_order":6,"template":"","format":"standard","meta":{"_acf_changed":false,"_seopress_robots_primary_cat":"","_seopress_titles_title":"","_seopress_titles_desc":"","_seopress_robots_index":"","footnotes":""},"region":[14,18],"service_tax":[29],"type-de-service":[37],"class_list":["post-2360","service","type-service","status-publish","format-standard","has-post-thumbnail","hentry","region-liege-huy-waremme","region-verviers","service_tax-atelier-couture","type-de-service-aide-a-la-vie-journaliere"],"acf":{"url_icone_du_service":2361,"descriptif_rapide":"<ul>\r\n \t<li>Adaptation des v\u00eatements au handicap ou aux difficult\u00e9s<\/li>\r\n \t<li>Confection de rideaux, coussins, housses, nappes, linges de maison<\/li>\r\n \t<li>Customisation et cr\u00e9ations personnalis\u00e9es<\/li>\r\n \t<li>Retouches, mises \u00e0 mesure et petits raccommodages<\/li>\r\n<\/ul>","descriptif_complet":"<span class=\"TextRun SCXW116774666 BCX0\" lang=\"FR\" xml:lang=\"FR\" data-contrast=\"auto\"><span class=\"NormalTextRun SCXW116774666 BCX0\">L\u2019<\/span><span class=\"NormalTextRun SCXW116774666 BCX0\">atelier couture propose des retouches, modifications et cr\u00e9ations sur mesure de v\u00eatements ainsi que de la confection d\u2019articles d\u2019ameublement et de linge de maison.\u00a0<\/span><\/span>","quels_soins_proposons_nous":"<ul>\r\n \t<li>Adaptation des v\u00eatements au handicap ou aux difficult\u00e9s<\/li>\r\n \t<li>Confection de rideaux, coussins, housses, nappes, linges de maison<\/li>\r\n \t<li>Customisation et cr\u00e9ations personnalis\u00e9es<\/li>\r\n \t<li>Retouches, mises \u00e0 mesure et petits raccommodages<\/li>\r\n<\/ul>","une_organisation_pensee_pour_votre_confort_":"Chaque personne est unique et, certaines situations de vie n\u00e9cessitent des solutions vestimentaires sp\u00e9cifiques. Nous r\u00e9pondons \u00e0 ces besoins particuliers, en offrant des solutions personnalis\u00e9es qui allient confort, praticit\u00e9, et esth\u00e9tisme.\r\n\r\nNotre \u00e9quipe travaille en \u00e9troite collaboration avec vous pour adapter vos v\u00eatements en fonction de vos besoins. Que ce soit pour faciliter l\u2019habillage, am\u00e9liorer la mobilit\u00e9, ou simplement rendre un v\u00eatement plus confortable au quotidien, nous mettons tout en \u0153uvre pour cr\u00e9er des ajustements sur mesure. Nous int\u00e9grons des \u00e9l\u00e9ments comme des fermetures magn\u00e9tiques, des coutures plates, ou des ouvertures discr\u00e8tes, tout en respectant votre style et vos pr\u00e9f\u00e9rences personnelles.\r\n\r\nChaque adaptation est r\u00e9alis\u00e9e avec soin, en tenant compte des mat\u00e9riaux et des techniques les plus appropri\u00e9s pour garantir non seulement la fonctionnalit\u00e9, mais aussi la durabilit\u00e9 et l\u2019esth\u00e9tisme des v\u00eatements.","en_cas_d\u2019urgence_":"<span class=\"TextRun SCXW143085970 BCX0\" lang=\"FR\" xml:lang=\"FR\" data-contrast=\"auto\"><span class=\"NormalTextRun SCXW143085970 BCX0\">Notre service <\/span><span class=\"NormalTextRun SCXW143085970 BCX0\">est disponible par t\u00e9l\u00e9phone<\/span><span class=\"NormalTextRun SCXW143085970 BCX0\"> du lundi au vendredi de <span class=\"TextRun SCXW3515131 BCX0\" lang=\"FR\" xml:lang=\"FR\" data-contrast=\"auto\"><span class=\"NormalTextRun SCXW3515131 BCX0\">08h00<\/span><\/span> \u00e0 16h30. <\/span><\/span><span class=\"EOP SCXW143085970 BCX0\" data-ccp-props=\"{}\">\u00a0<\/span>","tarification":"<span data-contrast=\"auto\">Les tarifs peuvent varier selon le type de prestation. Pour conna\u00eetre les conditions exactes qui s\u2019appliquent, contactez l\u2019ASD de votre r\u00e9gion.<\/span><span data-ccp-props=\"{}\">\u00a0<\/span>\r\n\r\n&nbsp;","phrase_de_cloture":"Nos \u00e9quipes accompagnent au quotidien avec comp\u00e9tence et humanit\u00e9, pour des aides \u00e0 domicile en toute confiance.\u00a0"},"_links":{"self":[{"href":"https:\/\/liege.aideetsoinsadomicile.be\/nl\/wp-json\/wp\/v2\/service\/2360","targetHints":{"allow":["GET"]}}],"collection":[{"href":"https:\/\/liege.aideetsoinsadomicile.be\/nl\/wp-json\/wp\/v2\/service"}],"about":[{"href":"https:\/\/liege.aideetsoinsadomicile.be\/nl\/wp-json\/wp\/v2\/types\/service"}],"author":[{"embeddable":true,"href":"https:\/\/liege.aideetsoinsadomicile.be\/nl\/wp-json\/wp\/v2\/users\/1"}],"version-history":[{"count":10,"href":"https:\/\/liege.aideetsoinsadomicile.be\/nl\/wp-json\/wp\/v2\/service\/2360\/revisions"}],"predecessor-version":[{"id":5794,"href":"https:\/\/liege.aideetsoinsadomicile.be\/nl\/wp-json\/wp\/v2\/service\/2360\/revisions\/5794"}],"wp:featuredmedia":[{"embeddable":true,"href":"https:\/\/liege.aideetsoinsadomicile.be\/nl\/wp-json\/wp\/v2\/media\/5013"}],"wp:attachment":[{"href":"https:\/\/liege.aideetsoinsadomicile.be\/nl\/wp-json\/wp\/v2\/media?parent=2360"}],"wp:term":[{"taxonomy":"region","embeddable":true,"href":"https:\/\/liege.aideetsoinsadomicile.be\/nl\/wp-json\/wp\/v2\/region?post=2360"},{"taxonomy":"service_tax","embeddable":true,"href":"https:\/\/liege.aideetsoinsadomicile.be\/nl\/wp-json\/wp\/v2\/service_tax?post=2360"},{"taxonomy":"type-de-service","embeddable":true,"href":"https:\/\/liege.aideetsoinsadomicile.be\/nl\/wp-json\/wp\/v2\/type-de-service?post=2360"}],"curies":[{"name":"wp","href":"https:\/\/api.w.org\/{rel}","templated":true}]}}

<p><span data-contrast="auto">L’atelier couture propose des retouches, modifications et créations sur mesure de vêtements ainsi que de la confection d’articles d’ameublement et de linge de maison. </span></p>
<p><b><span data-contrast="none">En fonction des besoins</span></b><span data-ccp-props="{&quot;134245418&quot;:true,&quot;134245529&quot;:true,&quot;335559738&quot;:280,&quot;335559739&quot;:80}"> </span></p>
<ul>
<li data-leveltext="●" data-font="" data-listid="23" data-list-defn-props="{&quot;335552541&quot;:1,&quot;335559685&quot;:360,&quot;335559991&quot;:360,&quot;469769242&quot;:[8226],&quot;469777803&quot;:&quot;left&quot;,&quot;469777804&quot;:&quot;●&quot;,&quot;469777815&quot;:&quot;multilevel&quot;}" data-aria-posinset="10" data-aria-level="1"><span data-contrast="auto">Adaptation des vêtements en fonction du handicap et des difficultés</span><span data-ccp-props="{}"> </span></li>
</ul>
<ul>
<li data-leveltext="●" data-font="" data-listid="23" data-list-defn-props="{&quot;335552541&quot;:1,&quot;335559685&quot;:360,&quot;335559991&quot;:360,&quot;469769242&quot;:[8226],&quot;469777803&quot;:&quot;left&quot;,&quot;469777804&quot;:&quot;●&quot;,&quot;469777815&quot;:&quot;multilevel&quot;}" data-aria-posinset="11" data-aria-level="1"><span data-contrast="auto">Confection de rideaux, coussins, housses, nappes, linge de maison</span><span data-ccp-props="{}"> </span></li>
</ul>
<ul>
<li data-leveltext="●" data-font="" data-listid="23" data-list-defn-props="{&quot;335552541&quot;:1,&quot;335559685&quot;:360,&quot;335559991&quot;:360,&quot;469769242&quot;:[8226],&quot;469777803&quot;:&quot;left&quot;,&quot;469777804&quot;:&quot;●&quot;,&quot;469777815&quot;:&quot;multilevel&quot;}" data-aria-posinset="12" data-aria-level="1"><span data-contrast="auto">Customisation et créations personnalisées</span><span data-ccp-props="{}"> </span></li>
</ul>
<ul>
<li data-leveltext="●" data-font="" data-listid="23" data-list-defn-props="{&quot;335552541&quot;:1,&quot;335559685&quot;:360,&quot;335559991&quot;:360,&quot;469769242&quot;:[8226],&quot;469777803&quot;:&quot;left&quot;,&quot;469777804&quot;:&quot;●&quot;,&quot;469777815&quot;:&quot;multilevel&quot;}" data-aria-posinset="14" data-aria-level="1"><span data-contrast="auto">Retouches, mises à mesure et petits raccommodages</span><span data-ccp-props="{}"> </span></li>
</ul>
<p><b><span data-contrast="none">Organisation pensée pour le bien-être à domicile</span></b><span data-ccp-props="{&quot;134245418&quot;:true,&quot;134245529&quot;:true,&quot;335559738&quot;:280,&quot;335559739&quot;:80}"> </span></p>
<p>Chaque personne est unique et, certaines situations de vie nécessitent des solutions vestimentaires spécifiques. Nous répondons à ces besoins particuliers, en offrant des solutions personnalisées qui allient confort, praticité, et esthétisme.</p>
<p>Notre équipe travaille en étroite collaboration avec vous pour adapter vos vêtements en fonction de vos besoins. Que ce soit pour faciliter l’habillage, améliorer la mobilité, ou simplement rendre un vêtement plus confortable au quotidien, nous mettons tout en œuvre pour créer des ajustements sur mesure. Nous intégrons des éléments comme des fermetures magnétiques, des coutures plates, ou des ouvertures discrètes, tout en respectant votre style et vos préférences personnelles.</p>
<p>Chaque adaptation est réalisée avec soin, en tenant compte des matériaux et des techniques les plus appropriés pour garantir non seulement la fonctionnalité, mais aussi la durabilité et l’esthétisme des vêtements.</p>
<p><b><span data-contrast="none">Permanence téléphonique </span></b><span data-ccp-props="{&quot;134245418&quot;:true,&quot;134245529&quot;:true,&quot;335559738&quot;:280,&quot;335559739&quot;:80}"> </span></p>
<p><span data-contrast="auto">Notre service est disponible par téléphone du lundi au vendredi de 08h30 à 16h30. </span><span data-ccp-props="{}"> </span></p>
<p><b><span data-contrast="none">Tarification</span></b><span data-ccp-props="{&quot;134245418&quot;:true,&quot;134245529&quot;:true,&quot;335559738&quot;:280,&quot;335559739&quot;:80}"> </span></p>
<p><span data-contrast="auto">Les tarifs peuvent varier selon le type de prestation. Pour connaître les conditions exactes qui s’appliquent, contactez l’ASD de votre région.</span><span data-ccp-props="{}"> </span></p>
<p><span data-ccp-props="{}"> </span></p>
<p><span data-contrast="auto">Nos équipes accompagnent au quotidien avec compétence et humanité, pour des aides à domicile en toute confiance.</span><span data-ccp-props="{}"> </span></p>
<p><span data-ccp-props="{}"> </span></p>
<p><b><span data-contrast="auto">LIÈGE &#8211; VERVIERS</span></b><span data-ccp-props="{&quot;335551550&quot;:2,&quot;335551620&quot;:2}"> </span></p>

<ul>
 	<li>Adaptation des vêtements au handicap ou aux difficultés</li>
 	<li>Confection de rideaux, coussins, housses, nappes, linges de maison</li>
 	<li>Customisation et créations personnalisées</li>
 	<li>Retouches, mises à mesure et petits raccommodages</li>
</ul>

<span class="TextRun SCXW116774666 BCX0" lang="FR" xml:lang="FR" data-contrast="auto"><span class="NormalTextRun SCXW116774666 BCX0">L’</span><span class="NormalTextRun SCXW116774666 BCX0">atelier couture propose des retouches, modifications et créations sur mesure de vêtements ainsi que de la confection d’articles d’ameublement et de linge de maison. </span></span>

Chaque personne est unique et, certaines situations de vie nécessitent des solutions vestimentaires spécifiques. Nous répondons à ces besoins particuliers, en offrant des solutions personnalisées qui allient confort, praticité, et esthétisme.

Notre équipe travaille en étroite collaboration avec vous pour adapter vos vêtements en fonction de vos besoins. Que ce soit pour faciliter l’habillage, améliorer la mobilité, ou simplement rendre un vêtement plus confortable au quotidien, nous mettons tout en œuvre pour créer des ajustements sur mesure. Nous intégrons des éléments comme des fermetures magnétiques, des coutures plates, ou des ouvertures discrètes, tout en respectant votre style et vos préférences personnelles.

Chaque adaptation est réalisée avec soin, en tenant compte des matériaux et des techniques les plus appropriés pour garantir non seulement la fonctionnalité, mais aussi la durabilité et l’esthétisme des vêtements.

<span class="TextRun SCXW143085970 BCX0" lang="FR" xml:lang="FR" data-contrast="auto"><span class="NormalTextRun SCXW143085970 BCX0">Notre service </span><span class="NormalTextRun SCXW143085970 BCX0">est disponible par téléphone</span><span class="NormalTextRun SCXW143085970 BCX0"> du lundi au vendredi de <span class="TextRun SCXW3515131 BCX0" lang="FR" xml:lang="FR" data-contrast="auto"><span class="NormalTextRun SCXW3515131 BCX0">08h00</span></span> à 16h30. </span></span><span class="EOP SCXW143085970 BCX0" data-ccp-props="{}"> </span>

<span data-contrast="auto">Les tarifs peuvent varier selon le type de prestation. Pour connaître les conditions exactes qui s’appliquent, contactez l’ASD de votre région.</span><span data-ccp-props="{}"> </span>

&nbsp;

Nos équipes accompagnent au quotidien avec compétence et humanité, pour des aides à domicile en toute confiance.
