{"id":2355,"date":"2025-07-16T11:25:18","date_gmt":"2025-07-16T09:25:18","guid":{"rendered":"http:\/\/liege.aideetsoinsadomicile.be\/?post_type=service&#038;p=2355"},"modified":"2026-02-11T09:46:11","modified_gmt":"2026-02-11T08:46:11","slug":"sociale-polyvalente-arbeiders","status":"publish","type":"service","link":"https:\/\/liege.aideetsoinsadomicile.be\/nl\/service\/ouvriers-polyvalents-sociaux\/","title":{"rendered":"Kleine klussen"},"content":{"rendered":"\n<p><span data-contrast=\"auto\">Nos ouvriers polyvalents sociaux r\u00e9alisent de petits travaux manuels et techniques pour am\u00e9liorer le cadre de vie, favoriser le confort, le bien-\u00eatre \u00e0 domicile et s\u00e9curiser le logement en cas de perte d\u2019autonomie.<\/span><span data-ccp-props=\"{}\">\u00a0<\/span><\/p>\n<p><b><span data-contrast=\"none\">En fonction des besoins<\/span><\/b><span data-ccp-props=\"{&quot;134245418&quot;:true,&quot;134245529&quot;:true,&quot;335559738&quot;:280,&quot;335559739&quot;:80}\">\u00a0<\/span><\/p>\n<ul>\n<li data-leveltext=\"\u25cf\" data-font=\"\" data-listid=\"4\" data-list-defn-props=\"{&quot;335552541&quot;:1,&quot;335559685&quot;:360,&quot;335559991&quot;:360,&quot;469769242&quot;:[8226],&quot;469777803&quot;:&quot;left&quot;,&quot;469777804&quot;:&quot;\u25cf&quot;,&quot;469777815&quot;:&quot;multilevel&quot;}\" data-aria-posinset=\"9\" data-aria-level=\"1\"><span data-contrast=\"auto\">Adaptation du logement en fonction des besoins (mobilit\u00e9 r\u00e9duite, s\u00e9curit\u00e9\u2026)<\/span><span data-ccp-props=\"{}\">\u00a0<\/span><\/li>\n<\/ul>\n<ul>\n<li data-leveltext=\"\u25cf\" data-font=\"\" data-listid=\"4\" data-list-defn-props=\"{&quot;335552541&quot;:1,&quot;335559685&quot;:360,&quot;335559991&quot;:360,&quot;469769242&quot;:[8226],&quot;469777803&quot;:&quot;left&quot;,&quot;469777804&quot;:&quot;\u25cf&quot;,&quot;469777815&quot;:&quot;multilevel&quot;}\" data-aria-posinset=\"10\" data-aria-level=\"1\"><span data-contrast=\"auto\">Entretien des espaces ext\u00e9rieurs&nbsp;: jardinage, tonte de pelouse, taille de haie\u2026<\/span><span data-ccp-props=\"{}\">\u00a0<\/span><\/li>\n<\/ul>\n<ul>\n<li data-leveltext=\"\u25cf\" data-font=\"\" data-listid=\"4\" data-list-defn-props=\"{&quot;335552541&quot;:1,&quot;335559685&quot;:360,&quot;335559991&quot;:360,&quot;469769242&quot;:[8226],&quot;469777803&quot;:&quot;left&quot;,&quot;469777804&quot;:&quot;\u25cf&quot;,&quot;469777815&quot;:&quot;multilevel&quot;}\" data-aria-posinset=\"11\" data-aria-level=\"1\"><span data-contrast=\"auto\">Rafraichissement des int\u00e9rieurs&nbsp;: peinture, tapissage<\/span><span data-ccp-props=\"{}\">\u00a0<\/span><\/li>\n<\/ul>\n<ul>\n<li data-leveltext=\"\u25cf\" data-font=\"\" data-listid=\"4\" data-list-defn-props=\"{&quot;335552541&quot;:1,&quot;335559685&quot;:360,&quot;335559991&quot;:360,&quot;469769242&quot;:[8226],&quot;469777803&quot;:&quot;left&quot;,&quot;469777804&quot;:&quot;\u25cf&quot;,&quot;469777815&quot;:&quot;multilevel&quot;}\" data-aria-posinset=\"12\" data-aria-level=\"1\"><span data-contrast=\"auto\">R\u00e9alisation de r\u00e9parations simples&nbsp;: plomberie, \u00e9lectricit\u00e9, ma\u00e7onnerie\u2026<\/span><span data-ccp-props=\"{}\">\u00a0<\/span><\/li>\n<\/ul>\n<p><span data-ccp-props=\"{&quot;335559685&quot;:720}\">\u00a0<\/span><\/p>\n<p><span data-contrast=\"auto\">Ce service s\u2019adresse uniquement aux particuliers.<\/span><span data-ccp-props=\"{}\">\u00a0<\/span><\/p>\n<p><b><span data-contrast=\"none\">Organisation pens\u00e9e pour le bien-\u00eatre \u00e0 domicile<\/span><\/b><span data-ccp-props=\"{&quot;134245418&quot;:true,&quot;134245529&quot;:true,&quot;335559738&quot;:280,&quot;335559739&quot;:80}\">\u00a0<\/span><\/p>\n<p><span data-contrast=\"auto\">Un responsable du service se rend au domicile pour \u00e9valuer les travaux, v\u00e9rifier le mat\u00e9riel \u00e0 disposition et \u00e9tablir un devis gratuit.<\/span><span data-ccp-props=\"{}\">\u00a0<\/span><\/p>\n<p><span data-ccp-props=\"{}\">\u00a0<\/span><\/p>\n<p><span data-contrast=\"auto\">Apr\u00e8s accord, une date et une heure d\u2019intervention sont fix\u00e9es. Pour les travaux r\u00e9currents (entretien de jardin\u2026), une p\u00e9riodicit\u00e9 peut \u00eatre d\u00e9finie.<\/span><span data-ccp-props=\"{}\">\u00a0<\/span><\/p>\n<p><b><span data-contrast=\"none\">Permanence t\u00e9l\u00e9phonique\u00a0<\/span><\/b><span data-ccp-props=\"{&quot;134245418&quot;:true,&quot;134245529&quot;:true,&quot;335559738&quot;:280,&quot;335559739&quot;:80}\">\u00a0<\/span><\/p>\n<p><span data-contrast=\"auto\">Notre service est disponible par t\u00e9l\u00e9phone du lundi au vendredi de 08h30 \u00e0 16h30.\u00a0<\/span><span data-ccp-props=\"{}\">\u00a0<\/span><\/p>\n<p><span data-contrast=\"auto\">Pour les urgences uniquement, notre service de garde est disponible par t\u00e9l\u00e9phone en dehors de nos horaires, 24h\/24 et 7j\/7.\u00a0<\/span><span data-ccp-props=\"{}\">\u00a0<\/span><\/p>","protected":false},"author":1,"featured_media":5014,"parent":0,"menu_order":5,"template":"","format":"standard","meta":{"_acf_changed":false,"_seopress_robots_primary_cat":"","_seopress_titles_title":"","_seopress_titles_desc":"","_seopress_robots_index":"","footnotes":""},"region":[11,14,18],"service_tax":[28],"type-de-service":[37],"class_list":["post-2355","service","type-service","status-publish","format-standard","has-post-thumbnail","hentry","region-brabant-wallon","region-liege-huy-waremme","region-verviers","service_tax-ouvriers-polyvalents","type-de-service-aide-a-la-vie-journaliere"],"acf":{"url_icone_du_service":1734,"descriptif_rapide":"<ul>\r\n \t<li>Adaptation du logement (mobilit\u00e9 r\u00e9duite, s\u00e9curit\u00e9...)<\/li>\r\n \t<li>Entretien des espaces ext\u00e9rieurs<\/li>\r\n \t<li>Rafra\u00eechissement d\u2019int\u00e9rieurs<\/li>\r\n \t<li>R\u00e9parations simples<\/li>\r\n<\/ul>","descriptif_complet":"<span class=\"TextRun SCXW114694829 BCX0\" lang=\"FR\" xml:lang=\"FR\" data-contrast=\"auto\"><span class=\"NormalTextRun SCXW114694829 BCX0\">Nos ouvriers polyvalents sociaux r\u00e9alisent de petits travaux manuels et techniques pour am\u00e9liorer <\/span><span class=\"NormalTextRun SCXW114694829 BCX0\">le<\/span><span class=\"NormalTextRun SCXW114694829 BCX0\"> cadre de vie, favoriser <\/span><span class=\"NormalTextRun SCXW114694829 BCX0\">le<\/span><span class=\"NormalTextRun SCXW114694829 BCX0\"> confort<\/span><span class=\"NormalTextRun SCXW114694829 BCX0\">, le bien-\u00eatre \u00e0 domicile<\/span><span class=\"NormalTextRun SCXW114694829 BCX0\"> et s\u00e9curiser <\/span><span class=\"NormalTextRun SCXW114694829 BCX0\">le<\/span><span class=\"NormalTextRun SCXW114694829 BCX0\"> logement en cas de perte d\u2019autonomie.<\/span><\/span><span class=\"EOP SCXW114694829 BCX0\" data-ccp-props=\"{}\">\u00a0<\/span>","quels_soins_proposons_nous":"<ul>\r\n \t<li>Adaptation du logement en fonction des besoins (mobilit\u00e9 r\u00e9duite, s\u00e9curit\u00e9\u2026)<\/li>\r\n \t<li>Entretien des espaces ext\u00e9rieurs : jardinage, tonte de pelouse, taille de haie\u2026<\/li>\r\n \t<li>Rafraichissement des int\u00e9rieurs : peinture, tapissage<\/li>\r\n \t<li>R\u00e9alisation de r\u00e9parations simples : plomberie, \u00e9lectricit\u00e9, ma\u00e7onnerie\u2026<\/li>\r\n<\/ul>\r\n<span data-contrast=\"auto\">Ce service s\u2019adresse uniquement aux particuliers.<\/span><span data-ccp-props=\"{}\">\u00a0<\/span>","une_organisation_pensee_pour_votre_confort_":"<span data-contrast=\"auto\">Un responsable du service se rend au domicile pour \u00e9valuer les travaux, v\u00e9rifier le mat\u00e9riel \u00e0 disposition et \u00e9tablir un devis gratuit.<\/span><span data-ccp-props=\"{}\">\u00a0<\/span>\r\n\r\n<span data-contrast=\"auto\">Apr\u00e8s accord, une date et une heure d\u2019intervention sont fix\u00e9es. Pour les travaux r\u00e9currents (entretien de jardin\u2026), une p\u00e9riodicit\u00e9 peut \u00eatre d\u00e9finie.<\/span><span data-ccp-props=\"{}\">\u00a0<\/span>","en_cas_d\u2019urgence_":"<span data-contrast=\"auto\">Notre service est disponible par t\u00e9l\u00e9phone du lundi au vendredi de <span class=\"TextRun SCXW3515131 BCX0\" lang=\"FR\" xml:lang=\"FR\" data-contrast=\"auto\"><span class=\"NormalTextRun SCXW3515131 BCX0\">08h00<\/span><\/span> \u00e0 16h30. <\/span><span data-ccp-props=\"{}\">\u00a0<\/span>\r\n\r\n<span data-contrast=\"auto\">Pour les urgences uniquement, notre service de garde est disponible par t\u00e9l\u00e9phone en dehors de nos horaires, 24h\/24 et 7j\/7.\u00a0<\/span><span data-ccp-props=\"{}\">\u00a0<\/span>","tarification":"<span data-contrast=\"auto\">Les tarifs peuvent varier selon votre situation :<\/span>\r\n<ul>\r\n \t<li>BIM : 9.70\u20ac\/heure\u00a0 (+6 ou 21% de TVA*)<\/li>\r\n \t<li>NON BIM : 12.30\u20ac\/heure (+6 ou 21% de TVA*)<\/li>\r\n \t<li>5\u20ac de forfait de d\u00e9placement (+6 ou 21% de TVA*)<\/li>\r\n \t<li>D\u00e9placement Courses \/ Parc Container : 0.50\u20ac\/km\u00a0(+6 ou 21% de TVA*)<\/li>\r\n<\/ul>\r\n(*) Remarque : Le taux r\u00e9duit de TVA de 6 % s'applique uniquement aux habitations priv\u00e9es d'au moins 10 ans et uniquement pour les travaux de r\u00e9novation. Pour tous les autres travaux, 21% de\u00a0TVA.\r\n\r\n&nbsp;","phrase_de_cloture":"Nos \u00e9quipes accompagnent au quotidien avec comp\u00e9tence et humanit\u00e9, pour des aides \u00e0 domicile en toute confiance.\u00a0"},"_links":{"self":[{"href":"https:\/\/liege.aideetsoinsadomicile.be\/nl\/wp-json\/wp\/v2\/service\/2355","targetHints":{"allow":["GET"]}}],"collection":[{"href":"https:\/\/liege.aideetsoinsadomicile.be\/nl\/wp-json\/wp\/v2\/service"}],"about":[{"href":"https:\/\/liege.aideetsoinsadomicile.be\/nl\/wp-json\/wp\/v2\/types\/service"}],"author":[{"embeddable":true,"href":"https:\/\/liege.aideetsoinsadomicile.be\/nl\/wp-json\/wp\/v2\/users\/1"}],"version-history":[{"count":11,"href":"https:\/\/liege.aideetsoinsadomicile.be\/nl\/wp-json\/wp\/v2\/service\/2355\/revisions"}],"predecessor-version":[{"id":5884,"href":"https:\/\/liege.aideetsoinsadomicile.be\/nl\/wp-json\/wp\/v2\/service\/2355\/revisions\/5884"}],"wp:featuredmedia":[{"embeddable":true,"href":"https:\/\/liege.aideetsoinsadomicile.be\/nl\/wp-json\/wp\/v2\/media\/5014"}],"wp:attachment":[{"href":"https:\/\/liege.aideetsoinsadomicile.be\/nl\/wp-json\/wp\/v2\/media?parent=2355"}],"wp:term":[{"taxonomy":"region","embeddable":true,"href":"https:\/\/liege.aideetsoinsadomicile.be\/nl\/wp-json\/wp\/v2\/region?post=2355"},{"taxonomy":"service_tax","embeddable":true,"href":"https:\/\/liege.aideetsoinsadomicile.be\/nl\/wp-json\/wp\/v2\/service_tax?post=2355"},{"taxonomy":"type-de-service","embeddable":true,"href":"https:\/\/liege.aideetsoinsadomicile.be\/nl\/wp-json\/wp\/v2\/type-de-service?post=2355"}],"curies":[{"name":"wp","href":"https:\/\/api.w.org\/{rel}","templated":true}]}}

<p><span data-contrast="auto">Nos ouvriers polyvalents sociaux réalisent de petits travaux manuels et techniques pour améliorer le cadre de vie, favoriser le confort, le bien-être à domicile et sécuriser le logement en cas de perte d’autonomie.</span><span data-ccp-props="{}"> </span></p>
<p><b><span data-contrast="none">En fonction des besoins</span></b><span data-ccp-props="{&quot;134245418&quot;:true,&quot;134245529&quot;:true,&quot;335559738&quot;:280,&quot;335559739&quot;:80}"> </span></p>
<ul>
<li data-leveltext="●" data-font="" data-listid="4" data-list-defn-props="{&quot;335552541&quot;:1,&quot;335559685&quot;:360,&quot;335559991&quot;:360,&quot;469769242&quot;:[8226],&quot;469777803&quot;:&quot;left&quot;,&quot;469777804&quot;:&quot;●&quot;,&quot;469777815&quot;:&quot;multilevel&quot;}" data-aria-posinset="9" data-aria-level="1"><span data-contrast="auto">Adaptation du logement en fonction des besoins (mobilité réduite, sécurité…)</span><span data-ccp-props="{}"> </span></li>
</ul>
<ul>
<li data-leveltext="●" data-font="" data-listid="4" data-list-defn-props="{&quot;335552541&quot;:1,&quot;335559685&quot;:360,&quot;335559991&quot;:360,&quot;469769242&quot;:[8226],&quot;469777803&quot;:&quot;left&quot;,&quot;469777804&quot;:&quot;●&quot;,&quot;469777815&quot;:&quot;multilevel&quot;}" data-aria-posinset="10" data-aria-level="1"><span data-contrast="auto">Entretien des espaces extérieurs&nbsp;: jardinage, tonte de pelouse, taille de haie…</span><span data-ccp-props="{}"> </span></li>
</ul>
<ul>
<li data-leveltext="●" data-font="" data-listid="4" data-list-defn-props="{&quot;335552541&quot;:1,&quot;335559685&quot;:360,&quot;335559991&quot;:360,&quot;469769242&quot;:[8226],&quot;469777803&quot;:&quot;left&quot;,&quot;469777804&quot;:&quot;●&quot;,&quot;469777815&quot;:&quot;multilevel&quot;}" data-aria-posinset="11" data-aria-level="1"><span data-contrast="auto">Rafraichissement des intérieurs&nbsp;: peinture, tapissage</span><span data-ccp-props="{}"> </span></li>
</ul>
<ul>
<li data-leveltext="●" data-font="" data-listid="4" data-list-defn-props="{&quot;335552541&quot;:1,&quot;335559685&quot;:360,&quot;335559991&quot;:360,&quot;469769242&quot;:[8226],&quot;469777803&quot;:&quot;left&quot;,&quot;469777804&quot;:&quot;●&quot;,&quot;469777815&quot;:&quot;multilevel&quot;}" data-aria-posinset="12" data-aria-level="1"><span data-contrast="auto">Réalisation de réparations simples&nbsp;: plomberie, électricité, maçonnerie…</span><span data-ccp-props="{}"> </span></li>
</ul>
<p><span data-ccp-props="{&quot;335559685&quot;:720}"> </span></p>
<p><span data-contrast="auto">Ce service s’adresse uniquement aux particuliers.</span><span data-ccp-props="{}"> </span></p>
<p><b><span data-contrast="none">Organisation pensée pour le bien-être à domicile</span></b><span data-ccp-props="{&quot;134245418&quot;:true,&quot;134245529&quot;:true,&quot;335559738&quot;:280,&quot;335559739&quot;:80}"> </span></p>
<p><span data-contrast="auto">Un responsable du service se rend au domicile pour évaluer les travaux, vérifier le matériel à disposition et établir un devis gratuit.</span><span data-ccp-props="{}"> </span></p>
<p><span data-ccp-props="{}"> </span></p>
<p><span data-contrast="auto">Après accord, une date et une heure d’intervention sont fixées. Pour les travaux récurrents (entretien de jardin…), une périodicité peut être définie.</span><span data-ccp-props="{}"> </span></p>
<p><b><span data-contrast="none">Permanence téléphonique </span></b><span data-ccp-props="{&quot;134245418&quot;:true,&quot;134245529&quot;:true,&quot;335559738&quot;:280,&quot;335559739&quot;:80}"> </span></p>
<p><span data-contrast="auto">Notre service est disponible par téléphone du lundi au vendredi de 08h30 à 16h30. </span><span data-ccp-props="{}"> </span></p>
<p><span data-contrast="auto">Pour les urgences uniquement, notre service de garde est disponible par téléphone en dehors de nos horaires, 24h/24 et 7j/7. </span><span data-ccp-props="{}"> </span></p>

<ul>
 	<li>Adaptation du logement (mobilité réduite, sécurité...)</li>
 	<li>Entretien des espaces extérieurs</li>
 	<li>Rafraîchissement d’intérieurs</li>
 	<li>Réparations simples</li>
</ul>

<span class="TextRun SCXW114694829 BCX0" lang="FR" xml:lang="FR" data-contrast="auto"><span class="NormalTextRun SCXW114694829 BCX0">Nos ouvriers polyvalents sociaux réalisent de petits travaux manuels et techniques pour améliorer </span><span class="NormalTextRun SCXW114694829 BCX0">le</span><span class="NormalTextRun SCXW114694829 BCX0"> cadre de vie, favoriser </span><span class="NormalTextRun SCXW114694829 BCX0">le</span><span class="NormalTextRun SCXW114694829 BCX0"> confort</span><span class="NormalTextRun SCXW114694829 BCX0">, le bien-être à domicile</span><span class="NormalTextRun SCXW114694829 BCX0"> et sécuriser </span><span class="NormalTextRun SCXW114694829 BCX0">le</span><span class="NormalTextRun SCXW114694829 BCX0"> logement en cas de perte d’autonomie.</span></span><span class="EOP SCXW114694829 BCX0" data-ccp-props="{}"> </span>

<ul>
 	<li>Adaptation du logement en fonction des besoins (mobilité réduite, sécurité…)</li>
 	<li>Entretien des espaces extérieurs : jardinage, tonte de pelouse, taille de haie…</li>
 	<li>Rafraichissement des intérieurs : peinture, tapissage</li>
 	<li>Réalisation de réparations simples : plomberie, électricité, maçonnerie…</li>
</ul>
<span data-contrast="auto">Ce service s’adresse uniquement aux particuliers.</span><span data-ccp-props="{}"> </span>

<span data-contrast="auto">Un responsable du service se rend au domicile pour évaluer les travaux, vérifier le matériel à disposition et établir un devis gratuit.</span><span data-ccp-props="{}"> </span>

<span data-contrast="auto">Après accord, une date et une heure d’intervention sont fixées. Pour les travaux récurrents (entretien de jardin…), une périodicité peut être définie.</span><span data-ccp-props="{}"> </span>

<span data-contrast="auto">Notre service est disponible par téléphone du lundi au vendredi de <span class="TextRun SCXW3515131 BCX0" lang="FR" xml:lang="FR" data-contrast="auto"><span class="NormalTextRun SCXW3515131 BCX0">08h00</span></span> à 16h30. </span><span data-ccp-props="{}"> </span>

<span data-contrast="auto">Pour les urgences uniquement, notre service de garde est disponible par téléphone en dehors de nos horaires, 24h/24 et 7j/7. </span><span data-ccp-props="{}"> </span>

<span data-contrast="auto">Les tarifs peuvent varier selon votre situation :</span>
<ul>
 	<li>BIM : 9.70€/heure  (+6 ou 21% de TVA*)</li>
 	<li>NON BIM : 12.30€/heure (+6 ou 21% de TVA*)</li>
 	<li>5€ de forfait de déplacement (+6 ou 21% de TVA*)</li>
 	<li>Déplacement Courses / Parc Container : 0.50€/km (+6 ou 21% de TVA*)</li>
</ul>
(*) Remarque : Le taux réduit de TVA de 6 % s'applique uniquement aux habitations privées d'au moins 10 ans et uniquement pour les travaux de rénovation. Pour tous les autres travaux, 21% de TVA.

&nbsp;

Nos équipes accompagnent au quotidien avec compétence et humanité, pour des aides à domicile en toute confiance.
