{"id":5954,"date":"2026-04-28T09:04:18","date_gmt":"2026-04-28T07:04:18","guid":{"rendered":"https:\/\/liege.aideetsoinsadomicile.be\/?post_type=offre-demploi&#038;p=5954"},"modified":"2026-04-28T09:04:18","modified_gmt":"2026-04-28T07:04:18","slug":"garde-a-domicile-liege","status":"publish","type":"offre-demploi","link":"https:\/\/liege.aideetsoinsadomicile.be\/nl\/offre-demploi\/garde-a-domicile-liege\/","title":{"rendered":"Garde \u00e0 Domicile &#8211; Li\u00e8ge"},"content":{"rendered":"<h3 class=\"wp-block-heading\">FUNCTIE<\/h3>\n<!-- \/wp:post-content -->\n<!-- wp:paragraph -->\n\nLa garde \u00e0 domicile a pour mission de contribuer, par une pr\u00e9sence de longue dur\u00e9e, de jour comme de nuit, au bien-\u00eatre, au confort physique et moral, \u00e0 l\u2019hygi\u00e8ne de vie et \u00e0 la s\u00e9curit\u00e9 de toute personne, qui pour des raisons de sant\u00e9 ou de handicap, n\u00e9cessite une pr\u00e9sence continue. Son r\u00f4le est de permettre le maintien \u00e0 domicile des personnes en pr\u00e9servant et en stimulant leur autonomie, et en veillant \u00e0 leur qualit\u00e9 de vie. La \u00b7le garde \u00e0 domicile agit dans l\u2019int\u00e9r\u00eat du b\u00e9n\u00e9ficiaire et dans le respect de son libre choix.\n\nLa garde \u00e0 domicile peut travailler en compl\u00e9mentarit\u00e9 avec l\u2019aidant proche (la famille ou l\u2019entourage) et permet, par son action, de le seconder et de lui offrir du r\u00e9pit.\n\nEn R\u00e9gion Wallonne, le travail du garde \u00e0 domicile est d\u00e9fini par un statut.\n<h3 class=\"wp-block-heading\"><strong>Vereiste kwalificatie<\/strong>\u00a0:<\/h3>\n<strong>IN DE REGIO WALLONI\u00cb : <\/strong>\n\nIn het bezit zijn van een inschrijvingsbewijs als gezinshelper uitgereikt door het Ministerie van het Waalse Gewest, samen met een attest waaruit blijkt dat een opleiding werd gevolgd in een van de volgende domeinen:\n<ul>\n \t<li>Enseignement secondaire de plein exercice&nbsp;: certificat d\u2019auxiliaire familiale et sanitaire, certificat d\u2019aide familial\u00b7e, certificat d\u2019aide-soignant\u00b7e, certificat de pu\u00e9riculteur\u00b7trice, certificat d\u2019aspirant\u00b7e en nursing<\/li>\n \t<li>Enseignement de promotion sociale&nbsp;: certificat d\u2019auxiliaire polyvalent\u00b7e des services \u00e0 domicile et en collectivit\u00e9, certificat d\u2019aide familial\u00b7e, certificat d\u2019aide-soignant\u00b7e<\/li>\n \t<li>Centrum voor duale opleiding en training: dezelfde certificeringen als voor voltijds onderwijs<\/li>\n \t<li>Centre de formation reconnu par la R\u00e9gion Wallonne&nbsp;: attestation de capacit\u00e9 d\u2019aide familial\u00b7e<\/li>\n \t<li>Opleiding AFPK<\/li>\n<\/ul>\nIn het kader van de respijtprojecten die AWIPH ondersteunt, moet het personeel kwalificaties hebben die overeenkomen met een van de educatieve, sociale, paramedische of medische functies die erkend worden door de CP 318 waartoe de dienst behoort.\n\n<strong>IN DE DUITSTALIGE GEMEENSCHAP<\/strong>\n<ul>\n \t<li>AFPK (Ausbildung Familien &amp; Seniorenhelfer\/in und Pflegehelfer\/in<\/li>\n \t<li>Volledig secundair onderwijs: 6<sup>th<\/sup> Familienhilfe\u00ab jaar\u00bb<\/li>\n \t<li>Volledig secundair onderwijs: 7<sup>th<\/sup> jaar \u00abPflegehilfe\u00bb<\/li>\n \t<li>Bachelor of Nursing (succesvolle afronding van het eerste jaar)<\/li>\n<\/ul>\n<strong>VEREISTE VAARDIGHEDEN<\/strong>\n<ul>\n \t<li>Expertise aantonen in het helpen van mensen met alledaagse taken<\/li>\n \t<li>Laat zien dat je de persoon kunt bezighouden en animeren<\/li>\n \t<li>Aantonen dat je in een georganiseerde afdeling en in teamverband kunt werken<\/li>\n \t<li>Weet hoe hij\/zij interdisciplinair moet werken en kan doorverwijzen naar andere professionals voor alle taken die zijn\/haar competentie te boven gaan<\/li>\n \t<li>Weten hoe je je werk kunt aanpassen aan situaties thuis<\/li>\n \t<li>Zelfstandig kunnen werken in het tehuis met respect voor de richtlijnen van de dienst, de beslissingen van het team en de begunstigden in de context van hun dagelijks leven.<\/li>\n \t<li>Aantonen dat je kunt observeren, reflecteren, analyseren en informatie over situaties kunt doorgeven.<\/li>\n \t<li>Het ontwikkelen van gevoel voor menselijk contact, luistervaardigheden en het vermogen om relaties op te bouwen<\/li>\n \t<li>Kunnen reageren in het geval van een uitzonderlijke situatie<\/li>\n \t<li>\u00catre rigoureux\u00b7se dans le suivi des consignes administratives<\/li>\n \t<li>Respecteer de regels van beroepsethiek, discretie, beroepsgeheim en gedeelde geheimhouding<\/li>\n<\/ul>\n<strong>LIJNMANAGER<\/strong>\n\nLa garde \u00e0 domicile d\u00e9pend hi\u00e9rarchiquement de l\u2019assistant\u00b7e social\u00b7e qui l\u2019encadre et de la direction ASD.\n<h3 class=\"wp-block-heading\">MISSIES<\/h3>\n<strong>PRESTATION CHEZ LE\u00b7LA B\u00c9N\u00c9FICIAIRE<\/strong>\n\n&#8211; Assurer une pr\u00e9sence active aupr\u00e8s du b\u00e9n\u00e9ficiaire, selon les consignes \u00e9tablies par l\u2019assistant\u00b7e social\u00b7e\n<ul>\n \t<li>zorgen voor fysieke en morele veiligheid en comfort<\/li>\n \t<li>passende activiteiten aanbieden<\/li>\n \t<li>relationele ondersteuning bieden: luisteren, moeilijkheden identificeren, ondersteuning door aanwezigheid, dialoog, enz.<\/li>\n \t<li>aider \u00e0 l\u2019accomplissement des activit\u00e9s li\u00e9es aux soins de base d\u2019hygi\u00e8ne et de sant\u00e9&nbsp;: veiller \u00e0 la prise correcte des m\u00e9dicaments, aider le\u00b7la b\u00e9n\u00e9ficiaire \u00e0 assurer son hygi\u00e8ne corporelle, \u2026 Ces actes sont r\u00e9alis\u00e9s dans le cadre de l\u2019aide \u00e0 la vie journali\u00e8re et il est interdit de dispenser un soin technique relevant de l\u2019art infirmier.<\/li>\n \t<li>maaltijden bereiden en verstrekken aan begunstigden in verband met de dienst<\/li>\n \t<li>hulp bij reizen buitenshuis<\/li>\n<\/ul>\n&#8211; Encourager le\u00b7la b\u00e9n\u00e9ficiaire au d\u00e9veloppement, au maintien ou \u00e0 la restauration de son autonomie\n\n&#8211; Accompagner le\u00b7la b\u00e9n\u00e9ficiaire et son entourage dans le cadre des soins palliatifs\n\n&#8211; Int\u00e9grer son action dans un cadre pr\u00e9ventif\n\n&#8211; Apporter un soutien et\/ou un r\u00e9pit aux aidant\u00b7es proches\n<h3 class=\"wp-block-heading\"><strong>WERKEN IN EEN TEAM VAN THUISVERZORGERS<\/strong><\/h3>\n<!-- \/wp:paragraph -->\n<!-- wp:list -->\n<ul class=\"wp-block-list\">\n<!-- wp:list-item -->\n \t<li>Werken in een team onder supervisie van een maatschappelijk werker<\/li>\n \t<li>Collaborer et relayer toute information pertinente au sein de l\u2019\u00e9quipe de gardes \u00e0 domicile et \u00e0 l&rsquo;assistant\u00b7e social\u00b7e, dans un souci de garantir la continuit\u00e9 de l\u2019aide<\/li>\n<\/ul>\n<strong>INTERDISCIPLINAIR WERK<\/strong>\n<ul>\n \t<li>Een permanente samenwerking nastreven met alle diensten en interne medewerkers van de ASD om de continu\u00efteit en kwaliteit van de hulpverlening te waarborgen.<\/li>\n \t<li>S\u2019ins\u00e9rer dans un travail interdisciplinaire d\u2019aide et de soins \u00e0 domicile et en relais aux autres intervenant\u00b7e\u00b7s (internes ou externes \u00e0 l\u2019ASD) pour tous les actes qui d\u00e9passent sa comp\u00e9tence.<\/li>\n \t<li>Alle nuttige informatie doorgeven aan de maatschappelijk werker.<\/li>\n \t<li>Betrokkenheid tonen en deelnemen aan de door de ASD ontwikkelde partnerschapsdynamiek.<\/li>\n<\/ul>\n<strong>MULTIFUNCTIONELE MISSIES<\/strong>\n<ul>\n \t<li>De werking en waarden van ASD bevorderen en garanderen.<\/li>\n \t<li>Ervoor zorgen dat haar professionele activiteiten in overeenstemming zijn met haar kwaliteitshandvest.<\/li>\n \t<li>Zijn handelen in overeenstemming brengen met de regels van beroepsethiek, discretieplicht, beroepsgeheim en gedeeld geheim.<\/li>\n \t<li>De veiligheidsnormen naleven en de basisregels toepassen om gezondheidsrisico's (ongevallen en ziekte) te voorkomen.<\/li>\n \t<li>De verschillende administratieve documenten invullen en de bijbehorende instructies en termijnen strikt naleven.<\/li>\n \t<li>Participer activement aux r\u00e9unions (r\u00e9union d\u2019\u00e9quipe, r\u00e9union de coordination) et respecter les d\u00e9cisions prises et\/ou des actions \u00e0 entreprendre.<\/li>\n \t<li>Participer activement aux formations (en \u00e9valuant ses besoins et en concertation avec l&rsquo;assistant\u00b7e social\u00b7e) et veiller \u00e0 la mise en pratique des comp\u00e9tences acquises.<\/li>\n<\/ul>\n<h3 class=\"wp-block-heading\">Wil je deel uitmaken van dit menselijke avontuur?<\/h3>\n<!-- \/wp:list-item -->\n<!-- wp:paragraph -->\n\nStuur uw cv en een korte motivatiebrief naar: <a href=\"mailto:job@asdliege.be\">job@asdliege.be<\/a>\n<ul>\n \t<li>De rekruteringscel zal telefonisch contact met u opnemen om uw carri\u00e8replan beter te begrijpen en al uw vragen te beantwoorden.<\/li>\n \t<li>U neemt deel aan simulaties die aansluiten bij uw toekomstige werksituatie, samen met de dienstverantwoordelijke of zijn\/haar adjunct.<\/li>\n \t<li>We ontmoeten u voor een gesprek in onze kantoren.<\/li>\n<\/ul>\n<!-- \/wp:paragraph -->\n<!-- wp:paragraph -->\n\n<em><strong>Kom en ervaar een andere manier van \u00abzorgen voor\u00bb... Een manier die bij u past!<\/strong><\/em>\n<!-- \/wp:paragraph -->","protected":false},"author":21,"featured_media":0,"parent":0,"template":"","format":"standard","meta":{"_acf_changed":false,"_seopress_robots_primary_cat":"","_seopress_titles_title":"","_seopress_titles_desc":"","_seopress_robots_index":"","footnotes":""},"categories":[35],"diplome":[233],"fonction":[201],"region":[14],"service_tax":[164],"statut":[],"temps-de-travail":[272],"type-de-contrat":[40],"class_list":["post-5954","offre-demploi","type-offre-demploi","status-publish","format-standard","hentry","category-offres-demploi-cat","diplome-cess","fonction-garde-a-domicile","region-liege-huy-waremme","service_tax-aide-vie-journaliere","temps-de-travail-28h-30h-semaine","type-de-contrat-cdd"],"acf":[],"_links":{"self":[{"href":"https:\/\/liege.aideetsoinsadomicile.be\/nl\/wp-json\/wp\/v2\/offre-demploi\/5954","targetHints":{"allow":["GET"]}}],"collection":[{"href":"https:\/\/liege.aideetsoinsadomicile.be\/nl\/wp-json\/wp\/v2\/offre-demploi"}],"about":[{"href":"https:\/\/liege.aideetsoinsadomicile.be\/nl\/wp-json\/wp\/v2\/types\/offre-demploi"}],"author":[{"embeddable":true,"href":"https:\/\/liege.aideetsoinsadomicile.be\/nl\/wp-json\/wp\/v2\/users\/21"}],"version-history":[{"count":1,"href":"https:\/\/liege.aideetsoinsadomicile.be\/nl\/wp-json\/wp\/v2\/offre-demploi\/5954\/revisions"}],"predecessor-version":[{"id":5957,"href":"https:\/\/liege.aideetsoinsadomicile.be\/nl\/wp-json\/wp\/v2\/offre-demploi\/5954\/revisions\/5957"}],"wp:attachment":[{"href":"https:\/\/liege.aideetsoinsadomicile.be\/nl\/wp-json\/wp\/v2\/media?parent=5954"}],"wp:term":[{"taxonomy":"category","embeddable":true,"href":"https:\/\/liege.aideetsoinsadomicile.be\/nl\/wp-json\/wp\/v2\/categories?post=5954"},{"taxonomy":"diplome","embeddable":true,"href":"https:\/\/liege.aideetsoinsadomicile.be\/nl\/wp-json\/wp\/v2\/diplome?post=5954"},{"taxonomy":"fonction","embeddable":true,"href":"https:\/\/liege.aideetsoinsadomicile.be\/nl\/wp-json\/wp\/v2\/fonction?post=5954"},{"taxonomy":"region","embeddable":true,"href":"https:\/\/liege.aideetsoinsadomicile.be\/nl\/wp-json\/wp\/v2\/region?post=5954"},{"taxonomy":"service_tax","embeddable":true,"href":"https:\/\/liege.aideetsoinsadomicile.be\/nl\/wp-json\/wp\/v2\/service_tax?post=5954"},{"taxonomy":"statut","embeddable":true,"href":"https:\/\/liege.aideetsoinsadomicile.be\/nl\/wp-json\/wp\/v2\/statut?post=5954"},{"taxonomy":"temps-de-travail","embeddable":true,"href":"https:\/\/liege.aideetsoinsadomicile.be\/nl\/wp-json\/wp\/v2\/temps-de-travail?post=5954"},{"taxonomy":"type-de-contrat","embeddable":true,"href":"https:\/\/liege.aideetsoinsadomicile.be\/nl\/wp-json\/wp\/v2\/type-de-contrat?post=5954"}],"curies":[{"name":"wp","href":"https:\/\/api.w.org\/{rel}","templated":true}]}}

Garde à Domicile &#8211; Liège

<h3 class="wp-block-heading">FUNCTIE</h3>
<!-- /wp:post-content -->
<!-- wp:paragraph -->

La garde à domicile a pour mission de contribuer, par une présence de longue durée, de jour comme de nuit, au bien-être, au confort physique et moral, à l’hygiène de vie et à la sécurité de toute personne, qui pour des raisons de santé ou de handicap, nécessite une présence continue. Son rôle est de permettre le maintien à domicile des personnes en préservant et en stimulant leur autonomie, et en veillant à leur qualité de vie. La ·le garde à domicile agit dans l’intérêt du bénéficiaire et dans le respect de son libre choix.

La garde à domicile peut travailler en complémentarité avec l’aidant proche (la famille ou l’entourage) et permet, par son action, de le seconder et de lui offrir du répit.

En Région Wallonne, le travail du garde à domicile est défini par un statut.
<h3 class="wp-block-heading"><strong>Vereiste kwalificatie</strong> :</h3>
<strong>IN DE REGIO WALLONIË : </strong>

In het bezit zijn van een inschrijvingsbewijs als gezinshelper uitgereikt door het Ministerie van het Waalse Gewest, samen met een attest waaruit blijkt dat een opleiding werd gevolgd in een van de volgende domeinen:
<ul>
 	<li>Enseignement secondaire de plein exercice&nbsp;: certificat d’auxiliaire familiale et sanitaire, certificat d’aide familial·e, certificat d’aide-soignant·e, certificat de puériculteur·trice, certificat d’aspirant·e en nursing</li>
 	<li>Enseignement de promotion sociale&nbsp;: certificat d’auxiliaire polyvalent·e des services à domicile et en collectivité, certificat d’aide familial·e, certificat d’aide-soignant·e</li>
 	<li>Centrum voor duale opleiding en training: dezelfde certificeringen als voor voltijds onderwijs</li>
 	<li>Centre de formation reconnu par la Région Wallonne&nbsp;: attestation de capacité d’aide familial·e</li>
 	<li>Opleiding AFPK</li>
</ul>
In het kader van de respijtprojecten die AWIPH ondersteunt, moet het personeel kwalificaties hebben die overeenkomen met een van de educatieve, sociale, paramedische of medische functies die erkend worden door de CP 318 waartoe de dienst behoort.

<strong>IN DE DUITSTALIGE GEMEENSCHAP</strong>
<ul>
 	<li>AFPK (Ausbildung Familien &amp; Seniorenhelfer/in und Pflegehelfer/in</li>
 	<li>Volledig secundair onderwijs: 6<sup>th</sup> Familienhilfe« jaar»</li>
 	<li>Volledig secundair onderwijs: 7<sup>th</sup> jaar «Pflegehilfe»</li>
 	<li>Bachelor of Nursing (succesvolle afronding van het eerste jaar)</li>
</ul>
<strong>VEREISTE VAARDIGHEDEN</strong>
<ul>
 	<li>Expertise aantonen in het helpen van mensen met alledaagse taken</li>
 	<li>Laat zien dat je de persoon kunt bezighouden en animeren</li>
 	<li>Aantonen dat je in een georganiseerde afdeling en in teamverband kunt werken</li>
 	<li>Weet hoe hij/zij interdisciplinair moet werken en kan doorverwijzen naar andere professionals voor alle taken die zijn/haar competentie te boven gaan</li>
 	<li>Weten hoe je je werk kunt aanpassen aan situaties thuis</li>
 	<li>Zelfstandig kunnen werken in het tehuis met respect voor de richtlijnen van de dienst, de beslissingen van het team en de begunstigden in de context van hun dagelijks leven.</li>
 	<li>Aantonen dat je kunt observeren, reflecteren, analyseren en informatie over situaties kunt doorgeven.</li>
 	<li>Het ontwikkelen van gevoel voor menselijk contact, luistervaardigheden en het vermogen om relaties op te bouwen</li>
 	<li>Kunnen reageren in het geval van een uitzonderlijke situatie</li>
 	<li>Être rigoureux·se dans le suivi des consignes administratives</li>
 	<li>Respecteer de regels van beroepsethiek, discretie, beroepsgeheim en gedeelde geheimhouding</li>
</ul>
<strong>LIJNMANAGER</strong>

La garde à domicile dépend hiérarchiquement de l’assistant·e social·e qui l’encadre et de la direction ASD.
<h3 class="wp-block-heading">MISSIES</h3>
<strong>PRESTATION CHEZ LE·LA BÉNÉFICIAIRE</strong>

&#8211; Assurer une présence active auprès du bénéficiaire, selon les consignes établies par l’assistant·e social·e
<ul>
 	<li>zorgen voor fysieke en morele veiligheid en comfort</li>
 	<li>passende activiteiten aanbieden</li>
 	<li>relationele ondersteuning bieden: luisteren, moeilijkheden identificeren, ondersteuning door aanwezigheid, dialoog, enz.</li>
 	<li>aider à l’accomplissement des activités liées aux soins de base d’hygiène et de santé&nbsp;: veiller à la prise correcte des médicaments, aider le·la bénéficiaire à assurer son hygiène corporelle, … Ces actes sont réalisés dans le cadre de l’aide à la vie journalière et il est interdit de dispenser un soin technique relevant de l’art infirmier.</li>
 	<li>maaltijden bereiden en verstrekken aan begunstigden in verband met de dienst</li>
 	<li>hulp bij reizen buitenshuis</li>
</ul>
&#8211; Encourager le·la bénéficiaire au développement, au maintien ou à la restauration de son autonomie

&#8211; Accompagner le·la bénéficiaire et son entourage dans le cadre des soins palliatifs

&#8211; Intégrer son action dans un cadre préventif

&#8211; Apporter un soutien et/ou un répit aux aidant·es proches
<h3 class="wp-block-heading"><strong>WERKEN IN EEN TEAM VAN THUISVERZORGERS</strong></h3>
<!-- /wp:paragraph -->
<!-- wp:list -->
<ul class="wp-block-list">
<!-- wp:list-item -->
 	<li>Werken in een team onder supervisie van een maatschappelijk werker</li>
 	<li>Collaborer et relayer toute information pertinente au sein de l’équipe de gardes à domicile et à l&rsquo;assistant·e social·e, dans un souci de garantir la continuité de l’aide</li>
</ul>
<strong>INTERDISCIPLINAIR WERK</strong>
<ul>
 	<li>Een permanente samenwerking nastreven met alle diensten en interne medewerkers van de ASD om de continuïteit en kwaliteit van de hulpverlening te waarborgen.</li>
 	<li>S’insérer dans un travail interdisciplinaire d’aide et de soins à domicile et en relais aux autres intervenant·e·s (internes ou externes à l’ASD) pour tous les actes qui dépassent sa compétence.</li>
 	<li>Alle nuttige informatie doorgeven aan de maatschappelijk werker.</li>
 	<li>Betrokkenheid tonen en deelnemen aan de door de ASD ontwikkelde partnerschapsdynamiek.</li>
</ul>
<strong>MULTIFUNCTIONELE MISSIES</strong>
<ul>
 	<li>De werking en waarden van ASD bevorderen en garanderen.</li>
 	<li>Ervoor zorgen dat haar professionele activiteiten in overeenstemming zijn met haar kwaliteitshandvest.</li>
 	<li>Zijn handelen in overeenstemming brengen met de regels van beroepsethiek, discretieplicht, beroepsgeheim en gedeeld geheim.</li>
 	<li>De veiligheidsnormen naleven en de basisregels toepassen om gezondheidsrisico's (ongevallen en ziekte) te voorkomen.</li>
 	<li>De verschillende administratieve documenten invullen en de bijbehorende instructies en termijnen strikt naleven.</li>
 	<li>Participer activement aux réunions (réunion d’équipe, réunion de coordination) et respecter les décisions prises et/ou des actions à entreprendre.</li>
 	<li>Participer activement aux formations (en évaluant ses besoins et en concertation avec l&rsquo;assistant·e social·e) et veiller à la mise en pratique des compétences acquises.</li>
</ul>
<h3 class="wp-block-heading">Wil je deel uitmaken van dit menselijke avontuur?</h3>
<!-- /wp:list-item -->
<!-- wp:paragraph -->

Stuur uw cv en een korte motivatiebrief naar: <a href="mailto:job@asdliege.be">job@asdliege.be</a>
<ul>
 	<li>De rekruteringscel zal telefonisch contact met u opnemen om uw carrièreplan beter te begrijpen en al uw vragen te beantwoorden.</li>
 	<li>U neemt deel aan simulaties die aansluiten bij uw toekomstige werksituatie, samen met de dienstverantwoordelijke of zijn/haar adjunct.</li>
 	<li>We ontmoeten u voor een gesprek in onze kantoren.</li>
</ul>
<!-- /wp:paragraph -->
<!-- wp:paragraph -->

<em><strong>Kom en ervaar een andere manier van «zorgen voor»... Een manier die bij u past!</strong></em>
<!-- /wp:paragraph -->
