{"id":5901,"date":"2026-03-10T14:55:42","date_gmt":"2026-03-10T13:55:42","guid":{"rendered":"https:\/\/liege.aideetsoinsadomicile.be\/?post_type=offre-demploi&#038;p=5901"},"modified":"2026-03-10T14:55:42","modified_gmt":"2026-03-10T13:55:42","slug":"veelzijdig-maatschappelijk-werker","status":"publish","type":"offre-demploi","link":"https:\/\/liege.aideetsoinsadomicile.be\/nl\/offre-demploi\/ouvrier%c2%b7e-polyvalent%c2%b7e-social%c2%b7e\/","title":{"rendered":"Multi-geschoold maatschappelijk werker"},"content":{"rendered":"<h3 class=\"wp-block-heading\">Qui sommes-nous&nbsp;?<\/h3>\n<!-- \/wp:post-content -->\n\n<!-- wp:paragraph -->\n<p><strong>Aide et Soins \u00e0 Domicile Li\u00e8ge \u2013 Huy \u2013 Waremme<\/strong>, en partenariat avec la Mutualit\u00e9 Chr\u00e9tienne de Li\u00e8ge, propose et coordonne des services int\u00e9gr\u00e9s et pluridisciplinaires d\u2019aide et de soins \u00e0 domicile sur les arrondissements de Li\u00e8ge \u2013 Huy \u2013 Waremme. Elle favorise le travail en r\u00e9seau afin de r\u00e9pondre aux besoins des patient\u00b7es. Pour ce faire, elle peut compter sur la collaboration de plus de 750 professionnel\u00b7les\u00a0(aides familial\u00b7es, infirmier\u00b7es, aides-soignant\u00b7es, gardes \u00e0 domicile, coordinateur\u00b7rices, aide-m\u00e9nager\u00b7\u00e8es social\u00b7es, ouvrier\u00b7es polyvalent\u00b7es, pu\u00e9riculteur\u00b7rices, etc.<\/p>\n<h3><strong>Vos missions&nbsp;:\u00a0<\/strong><\/h3>\n<p><span data-contrast=\"auto\">Vous intervenez aupr\u00e8s des b\u00e9n\u00e9ficiaires de l\u2019ASBL. Une priorit\u00e9 est donn\u00e9e aux personnes en perte d\u2019autonomie physique ou sociale (personnes \u00e2g\u00e9es, isol\u00e9es, en situation de handicap et\/ou en difficult\u00e9s financi\u00e8res).\u00a0<\/span> <span data-contrast=\"auto\">Au travers de vos interventions, vous contribuez au maintien \u00e0 domicile des b\u00e9n\u00e9ficiaires et \u00e0 l\u2019am\u00e9lioration du confort physique et moral de ceux-ci.<\/span><span data-ccp-props=\"{&quot;335551550&quot;:6,&quot;335551620&quot;:6}\">\u00a0<\/span> <span data-contrast=\"auto\">Les interventions propos\u00e9es sont\u202f: r\u00e9paration et\/ou am\u00e9nagement du domicile&nbsp;;\u00a0<\/span><\/p>\n<ul>\n<li><span data-contrast=\"auto\">Petits travaux de peinture, <\/span><\/li>\n<li><span data-contrast=\"auto\">Tapissage et de r\u00e9fection du domicile, <\/span><\/li>\n<li><span data-contrast=\"auto\">D\u00e9pannages en bricolage, <\/span><\/li>\n<li><span data-contrast=\"auto\">Electricit\u00e9 \u00e9l\u00e9mentaire,\u00a0<\/span><\/li>\n<li><span data-contrast=\"auto\">Plomberie, <\/span><\/li>\n<li><span data-contrast=\"auto\">Menuiserie, <\/span><\/li>\n<li><span data-contrast=\"auto\">travaux de s\u00e9curisation du domicile,\u00a0<\/span><\/li>\n<li>Entretiens des ext\u00e9rieurs (entretien des ch\u00e2ssis, petite ma\u00e7onnerie, abris de jardin, taille de haie, tonde de pelouse, etc.).<\/li>\n<\/ul>\n<h5><strong>Missions transversales<\/strong><\/h5>\n<ul class=\"wp-block-list\">\n<li>Promouvoir et \u00eatre garant\u00b7e du fonctionnement et des valeurs ASD, inscrire son action professionnelle dans le cadre d\u2019une attention permanente \u00e0 la charte qualit\u00e9.<\/li>\n<li>Int\u00e9grer son action dans le respect des r\u00e8gles de d\u00e9ontologie, de devoir de discr\u00e9tion, de secret professionnel et de secret partag\u00e9.<\/li>\n<li>Respecter les normes de s\u00e9curit\u00e9 et appliquer les r\u00e8gles de base pour \u00e9viter tout risque sur sa sant\u00e9 (accident et maladie).<\/li>\n<li>Compl\u00e9ter les diff\u00e9rents documents administratifs et respecter strictement les consignes et les d\u00e9lais y aff\u00e9rents.<\/li>\n<li>Participer activement aux formations (en \u00e9valuant ses besoins et en concertation avec son\u00b7sa responsable) et veiller \u00e0 la mise en pratique des comp\u00e9tences acquises.<\/li>\n<\/ul>\n<p>&nbsp;<\/p>\n<h3 class=\"wp-block-heading\">Profil recherch\u00e9<\/h3>\n<h5><strong>Qualification requise<\/strong><\/h5>\n<ul>\n<li><span class=\"TextRun SCXW59623766 BCX0\" lang=\"FR-BE\" xml:lang=\"FR-BE\" data-contrast=\"auto\"><span class=\"NormalTextRun SCXW59623766 BCX0\" data-ccp-parastyle=\"Standard\" data-ccp-parastyle-defn=\"{&quot;ObjectId&quot;:&quot;3dc782ce-c662-564e-853e-e04bf18a4572|1&quot;,&quot;ClassId&quot;:1073872969,&quot;Properties&quot;:[469775450,&quot;Standard&quot;,201340122,&quot;2&quot;,134233614,&quot;true&quot;,469778129,&quot;Standard&quot;,335572020,&quot;1&quot;,469777841,&quot;Times New Roman&quot;,469777842,&quot;Mangal&quot;,469777843,&quot;SimSun&quot;,469777844,&quot;Times New Roman&quot;,469769226,&quot;Times New Roman,Mangal,SimSun&quot;,268442635,&quot;24&quot;,335559704,&quot;1081&quot;,335559705,&quot;2052&quot;,335559740,&quot;240&quot;,201341983,&quot;0&quot;,335559739,&quot;0&quot;,134245417,&quot;false&quot;,201342446,&quot;1&quot;,201342447,&quot;5&quot;,201342448,&quot;1&quot;,201342449,&quot;1&quot;,201341986,&quot;1&quot;]}\">Aucun dipl\u00f4me sp\u00e9cifique n\u2019est requis. Cependant, une qualification technique est\u00a0<\/span><span class=\"NormalTextRun SCXW59623766 BCX0\" data-ccp-parastyle=\"Standard\">souhait\u00e9e<\/span><span class=\"NormalTextRun SCXW59623766 BCX0\" data-ccp-parastyle=\"Standard\">\u00a0(<\/span><span class=\"NormalTextRun SCXW59623766 BCX0\" data-ccp-parastyle=\"Standard\">exp\u00e9rience probante en peinture, tapi<\/span><span class=\"NormalTextRun SCXW59623766 BCX0\" data-ccp-parastyle=\"Standard\">ssage, plomberie et \u00e9lectricit\u00e9).<\/span><\/span><span class=\"EOP SCXW59623766 BCX0\" data-ccp-props=\"{&quot;134245417&quot;:false,&quot;201341983&quot;:0,&quot;335559731&quot;:708,&quot;335559739&quot;:0,&quot;335559740&quot;:276}\">\u00a0<\/span><\/li>\n<li>Etre d\u00e9tenteur\u00b7rice du permis B et d&rsquo;un v\u00e9hicule personnel.<\/li>\n<\/ul>\n<h5><strong>Comp\u00e9tences requises<\/strong><\/h5>\n<ul class=\"wp-block-list\">\n<li><span data-contrast=\"auto\">Savoir travailler en autonomie, dans le respect des directives donn\u00e9es par le\u00b7la responsable du service<\/span><span data-ccp-props=\"{&quot;134245417&quot;:false,&quot;201341983&quot;:0,&quot;335559739&quot;:0,&quot;335559740&quot;:276}\">\u00a0<\/span><\/li>\n<li><span data-contrast=\"auto\">Savoir travailler en respectant les r\u00e8gles de s\u00e9curit\u00e9<\/span><span data-ccp-props=\"{&quot;134245417&quot;:false,&quot;201341983&quot;:0,&quot;335559739&quot;:0,&quot;335559740&quot;:276}\">\u00a0<\/span><\/li>\n<li>Savoir adapter son intervention aux situations de vie \u00e0 domicile.<\/li>\n<li>D\u00e9montrer une capacit\u00e9 d\u2019observation, de r\u00e9flexion, d\u2019analyse et de transmission d\u2019informations autour des situations rencontr\u00e9es.<\/li>\n<li>D\u00e9velopper le sens du contact humain, l\u2019\u00e9coute, et la capacit\u00e9 \u00e0 entrer en relation.<\/li>\n<li>\u00catre capable de r\u00e9agir en cas de situation exceptionnelle.<\/li>\n<li>\u00catre rigoureux\u00b7se dans le suivi des consignes administratives.<\/li>\n<li>Respecter les r\u00e8gles de d\u00e9ontologie, de devoir de discr\u00e9tion, de secret professionnel et de secret partag\u00e9.<\/li>\n<\/ul>\n<p>&nbsp;<\/p>\n<h3 class=\"wp-block-heading\">Ce que nous offrons<\/h3>\n<!-- \/wp:paragraph -->\n\n<!-- wp:list -->\n<ul class=\"wp-block-list\">\n<!-- wp:list-item -->\n<li>Une aventure humaine qui se construit au quotidien, en \u00e9quipe pluridisciplinaire avec pour outils, de la communication et de l&rsquo;entraide.<\/li>\n<li>Un contrat \u00e0 dur\u00e9e ind\u00e9termin\u00e9e de 38h00\/semaine, pour une entr\u00e9e en fonction \u00e0 partir du 1er avril 2026.<\/li>\n<li>Un package salarial sur base des bar\u00e8mes appliqu\u00e9s.<\/li>\n<li>Un gsm professionnel.<\/li>\n<li>Des avantages extra-l\u00e9gaux.<\/li>\n<li>Zones g\u00e9ographiques d&rsquo;intervention&nbsp;: Huy &#8211; Waremme<\/li>\n<li>Des opportunit\u00e9s de d\u00e9veloppement professionnel et personnel \u00e0 travers une formation continue.<\/li>\n<\/ul>\n<p>&nbsp;<\/p>\n<h3 class=\"wp-block-heading\">Envie de faire partie de l\u2019aventure humaine&nbsp;?<\/h3>\n<!-- \/wp:list-item -->\n\n<!-- wp:paragraph -->\n<p>Envoyez votre CV et quelques lignes sur vos motivations \u00e0&nbsp;: <a href=\"mailto:job@asdliege.be\">job@asdliege.be<\/a><\/p>\n<ul>\n<li>La Cellule recrutement\u00a0vous contactera\u00a0par t\u00e9l\u00e9phone\u00a0afin de mieux comprendre votre plan de carri\u00e8re et r\u00e9pondre \u00e0 toutes vos questions.<\/li>\n<li>Vous interviendrez dans des mises en situation propre \u00e0 votre future r\u00e9alit\u00e9 de terrain, avec le\u00b7la responsable du service et\/ou l&rsquo;adjoint\u00b7e \u00e0 la Direction.<\/li>\n<li>Nous vous rencontrons pour un\u00a0entretien\u00a0dans nos bureaux.<\/li>\n<\/ul>\n<!-- \/wp:paragraph -->\n\n<!-- wp:paragraph -->\n<p><em><strong>Venez vivre une autre mani\u00e8re de \u00ab\u00a0prendre soin de\u00a0\u00bb&#8230; Une mani\u00e8re qui vous ressemble!<\/strong><\/em><\/p>\n<!-- \/wp:paragraph -->","protected":false},"author":21,"featured_media":0,"parent":0,"template":"","format":"standard","meta":{"_acf_changed":false,"_seopress_robots_primary_cat":"","_seopress_titles_title":"","_seopress_titles_desc":"","_seopress_robots_index":"","footnotes":""},"categories":[35],"diplome":[233],"fonction":[203],"region":[14],"service_tax":[168,28],"statut":[228],"temps-de-travail":[217],"type-de-contrat":[33],"class_list":["post-5901","offre-demploi","type-offre-demploi","status-publish","format-standard","hentry","category-offres-demploi-cat","diplome-cess","fonction-ouvrier-ere-polyvalent-e","region-liege-huy-waremme","service_tax-economie-sociale","service_tax-ouvriers-polyvalents","statut-ape","temps-de-travail-temps-plein","type-de-contrat-cdi"],"acf":[],"_links":{"self":[{"href":"https:\/\/liege.aideetsoinsadomicile.be\/nl\/wp-json\/wp\/v2\/offre-demploi\/5901","targetHints":{"allow":["GET"]}}],"collection":[{"href":"https:\/\/liege.aideetsoinsadomicile.be\/nl\/wp-json\/wp\/v2\/offre-demploi"}],"about":[{"href":"https:\/\/liege.aideetsoinsadomicile.be\/nl\/wp-json\/wp\/v2\/types\/offre-demploi"}],"author":[{"embeddable":true,"href":"https:\/\/liege.aideetsoinsadomicile.be\/nl\/wp-json\/wp\/v2\/users\/21"}],"version-history":[{"count":1,"href":"https:\/\/liege.aideetsoinsadomicile.be\/nl\/wp-json\/wp\/v2\/offre-demploi\/5901\/revisions"}],"predecessor-version":[{"id":5905,"href":"https:\/\/liege.aideetsoinsadomicile.be\/nl\/wp-json\/wp\/v2\/offre-demploi\/5901\/revisions\/5905"}],"wp:attachment":[{"href":"https:\/\/liege.aideetsoinsadomicile.be\/nl\/wp-json\/wp\/v2\/media?parent=5901"}],"wp:term":[{"taxonomy":"category","embeddable":true,"href":"https:\/\/liege.aideetsoinsadomicile.be\/nl\/wp-json\/wp\/v2\/categories?post=5901"},{"taxonomy":"diplome","embeddable":true,"href":"https:\/\/liege.aideetsoinsadomicile.be\/nl\/wp-json\/wp\/v2\/diplome?post=5901"},{"taxonomy":"fonction","embeddable":true,"href":"https:\/\/liege.aideetsoinsadomicile.be\/nl\/wp-json\/wp\/v2\/fonction?post=5901"},{"taxonomy":"region","embeddable":true,"href":"https:\/\/liege.aideetsoinsadomicile.be\/nl\/wp-json\/wp\/v2\/region?post=5901"},{"taxonomy":"service_tax","embeddable":true,"href":"https:\/\/liege.aideetsoinsadomicile.be\/nl\/wp-json\/wp\/v2\/service_tax?post=5901"},{"taxonomy":"statut","embeddable":true,"href":"https:\/\/liege.aideetsoinsadomicile.be\/nl\/wp-json\/wp\/v2\/statut?post=5901"},{"taxonomy":"temps-de-travail","embeddable":true,"href":"https:\/\/liege.aideetsoinsadomicile.be\/nl\/wp-json\/wp\/v2\/temps-de-travail?post=5901"},{"taxonomy":"type-de-contrat","embeddable":true,"href":"https:\/\/liege.aideetsoinsadomicile.be\/nl\/wp-json\/wp\/v2\/type-de-contrat?post=5901"}],"curies":[{"name":"wp","href":"https:\/\/api.w.org\/{rel}","templated":true}]}}

<h3 class="wp-block-heading">Qui sommes-nous&nbsp;?</h3>
<!-- /wp:post-content -->

<!-- wp:paragraph -->
<p><strong>Aide et Soins à Domicile Liège – Huy – Waremme</strong>, en partenariat avec la Mutualité Chrétienne de Liège, propose et coordonne des services intégrés et pluridisciplinaires d’aide et de soins à domicile sur les arrondissements de Liège – Huy – Waremme. Elle favorise le travail en réseau afin de répondre aux besoins des patient·es. Pour ce faire, elle peut compter sur la collaboration de plus de 750 professionnel·les (aides familial·es, infirmier·es, aides-soignant·es, gardes à domicile, coordinateur·rices, aide-ménager·èes social·es, ouvrier·es polyvalent·es, puériculteur·rices, etc.</p>
<h3><strong>Vos missions&nbsp;: </strong></h3>
<p><span data-contrast="auto">Vous intervenez auprès des bénéficiaires de l’ASBL. Une priorité est donnée aux personnes en perte d’autonomie physique ou sociale (personnes âgées, isolées, en situation de handicap et/ou en difficultés financières). </span> <span data-contrast="auto">Au travers de vos interventions, vous contribuez au maintien à domicile des bénéficiaires et à l’amélioration du confort physique et moral de ceux-ci.</span><span data-ccp-props="{&quot;335551550&quot;:6,&quot;335551620&quot;:6}"> </span> <span data-contrast="auto">Les interventions proposées sont : réparation et/ou aménagement du domicile&nbsp;; </span></p>
<ul>
<li><span data-contrast="auto">Petits travaux de peinture, </span></li>
<li><span data-contrast="auto">Tapissage et de réfection du domicile, </span></li>
<li><span data-contrast="auto">Dépannages en bricolage, </span></li>
<li><span data-contrast="auto">Electricité élémentaire, </span></li>
<li><span data-contrast="auto">Plomberie, </span></li>
<li><span data-contrast="auto">Menuiserie, </span></li>
<li><span data-contrast="auto">travaux de sécurisation du domicile, </span></li>
<li>Entretiens des extérieurs (entretien des châssis, petite maçonnerie, abris de jardin, taille de haie, tonde de pelouse, etc.).</li>
</ul>
<h5><strong>Missions transversales</strong></h5>
<ul class="wp-block-list">
<li>Promouvoir et être garant·e du fonctionnement et des valeurs ASD, inscrire son action professionnelle dans le cadre d’une attention permanente à la charte qualité.</li>
<li>Intégrer son action dans le respect des règles de déontologie, de devoir de discrétion, de secret professionnel et de secret partagé.</li>
<li>Respecter les normes de sécurité et appliquer les règles de base pour éviter tout risque sur sa santé (accident et maladie).</li>
<li>Compléter les différents documents administratifs et respecter strictement les consignes et les délais y afférents.</li>
<li>Participer activement aux formations (en évaluant ses besoins et en concertation avec son·sa responsable) et veiller à la mise en pratique des compétences acquises.</li>
</ul>
<p>&nbsp;</p>
<h3 class="wp-block-heading">Profil recherché</h3>
<h5><strong>Qualification requise</strong></h5>
<ul>
<li><span class="TextRun SCXW59623766 BCX0" lang="FR-BE" xml:lang="FR-BE" data-contrast="auto"><span class="NormalTextRun SCXW59623766 BCX0" data-ccp-parastyle="Standard" data-ccp-parastyle-defn="{&quot;ObjectId&quot;:&quot;3dc782ce-c662-564e-853e-e04bf18a4572|1&quot;,&quot;ClassId&quot;:1073872969,&quot;Properties&quot;:[469775450,&quot;Standard&quot;,201340122,&quot;2&quot;,134233614,&quot;true&quot;,469778129,&quot;Standard&quot;,335572020,&quot;1&quot;,469777841,&quot;Times New Roman&quot;,469777842,&quot;Mangal&quot;,469777843,&quot;SimSun&quot;,469777844,&quot;Times New Roman&quot;,469769226,&quot;Times New Roman,Mangal,SimSun&quot;,268442635,&quot;24&quot;,335559704,&quot;1081&quot;,335559705,&quot;2052&quot;,335559740,&quot;240&quot;,201341983,&quot;0&quot;,335559739,&quot;0&quot;,134245417,&quot;false&quot;,201342446,&quot;1&quot;,201342447,&quot;5&quot;,201342448,&quot;1&quot;,201342449,&quot;1&quot;,201341986,&quot;1&quot;]}">Aucun diplôme spécifique n’est requis. Cependant, une qualification technique est </span><span class="NormalTextRun SCXW59623766 BCX0" data-ccp-parastyle="Standard">souhaitée</span><span class="NormalTextRun SCXW59623766 BCX0" data-ccp-parastyle="Standard"> (</span><span class="NormalTextRun SCXW59623766 BCX0" data-ccp-parastyle="Standard">expérience probante en peinture, tapi</span><span class="NormalTextRun SCXW59623766 BCX0" data-ccp-parastyle="Standard">ssage, plomberie et électricité).</span></span><span class="EOP SCXW59623766 BCX0" data-ccp-props="{&quot;134245417&quot;:false,&quot;201341983&quot;:0,&quot;335559731&quot;:708,&quot;335559739&quot;:0,&quot;335559740&quot;:276}"> </span></li>
<li>Etre détenteur·rice du permis B et d&rsquo;un véhicule personnel.</li>
</ul>
<h5><strong>Compétences requises</strong></h5>
<ul class="wp-block-list">
<li><span data-contrast="auto">Savoir travailler en autonomie, dans le respect des directives données par le·la responsable du service</span><span data-ccp-props="{&quot;134245417&quot;:false,&quot;201341983&quot;:0,&quot;335559739&quot;:0,&quot;335559740&quot;:276}"> </span></li>
<li><span data-contrast="auto">Savoir travailler en respectant les règles de sécurité</span><span data-ccp-props="{&quot;134245417&quot;:false,&quot;201341983&quot;:0,&quot;335559739&quot;:0,&quot;335559740&quot;:276}"> </span></li>
<li>Savoir adapter son intervention aux situations de vie à domicile.</li>
<li>Démontrer une capacité d’observation, de réflexion, d’analyse et de transmission d’informations autour des situations rencontrées.</li>
<li>Développer le sens du contact humain, l’écoute, et la capacité à entrer en relation.</li>
<li>Être capable de réagir en cas de situation exceptionnelle.</li>
<li>Être rigoureux·se dans le suivi des consignes administratives.</li>
<li>Respecter les règles de déontologie, de devoir de discrétion, de secret professionnel et de secret partagé.</li>
</ul>
<p>&nbsp;</p>
<h3 class="wp-block-heading">Ce que nous offrons</h3>
<!-- /wp:paragraph -->

<!-- wp:list -->
<ul class="wp-block-list">
<!-- wp:list-item -->
<li>Une aventure humaine qui se construit au quotidien, en équipe pluridisciplinaire avec pour outils, de la communication et de l&rsquo;entraide.</li>
<li>Un contrat à durée indéterminée de 38h00/semaine, pour une entrée en fonction à partir du 1er avril 2026.</li>
<li>Un package salarial sur base des barèmes appliqués.</li>
<li>Un gsm professionnel.</li>
<li>Des avantages extra-légaux.</li>
<li>Zones géographiques d&rsquo;intervention&nbsp;: Huy &#8211; Waremme</li>
<li>Des opportunités de développement professionnel et personnel à travers une formation continue.</li>
</ul>
<p>&nbsp;</p>
<h3 class="wp-block-heading">Envie de faire partie de l’aventure humaine&nbsp;?</h3>
<!-- /wp:list-item -->

<!-- wp:paragraph -->
<p>Envoyez votre CV et quelques lignes sur vos motivations à&nbsp;: <a href="mailto:job@asdliege.be">job@asdliege.be</a></p>
<ul>
<li>La Cellule recrutement vous contactera par téléphone afin de mieux comprendre votre plan de carrière et répondre à toutes vos questions.</li>
<li>Vous interviendrez dans des mises en situation propre à votre future réalité de terrain, avec le·la responsable du service et/ou l&rsquo;adjoint·e à la Direction.</li>
<li>Nous vous rencontrons pour un entretien dans nos bureaux.</li>
</ul>
<!-- /wp:paragraph -->

<!-- wp:paragraph -->
<p><em><strong>Venez vivre une autre manière de « prendre soin de »&#8230; Une manière qui vous ressemble!</strong></em></p>
<!-- /wp:paragraph -->
