{"id":5954,"date":"2026-04-28T09:04:18","date_gmt":"2026-04-28T07:04:18","guid":{"rendered":"https:\/\/liege.aideetsoinsadomicile.be\/?post_type=offre-demploi&#038;p=5954"},"modified":"2026-04-28T09:04:18","modified_gmt":"2026-04-28T07:04:18","slug":"garde-a-domicile-liege","status":"publish","type":"offre-demploi","link":"https:\/\/liege.aideetsoinsadomicile.be\/en\/offre-demploi\/garde-a-domicile-liege\/","title":{"rendered":"Garde \u00e0 Domicile &#8211; Li\u00e8ge"},"content":{"rendered":"<h3 class=\"wp-block-heading\">FUNCTION<\/h3>\n<!-- \/wp:post-content -->\n<!-- wp:paragraph -->\n\nLa garde \u00e0 domicile a pour mission de contribuer, par une pr\u00e9sence de longue dur\u00e9e, de jour comme de nuit, au bien-\u00eatre, au confort physique et moral, \u00e0 l\u2019hygi\u00e8ne de vie et \u00e0 la s\u00e9curit\u00e9 de toute personne, qui pour des raisons de sant\u00e9 ou de handicap, n\u00e9cessite une pr\u00e9sence continue. Son r\u00f4le est de permettre le maintien \u00e0 domicile des personnes en pr\u00e9servant et en stimulant leur autonomie, et en veillant \u00e0 leur qualit\u00e9 de vie. La \u00b7le garde \u00e0 domicile agit dans l\u2019int\u00e9r\u00eat du b\u00e9n\u00e9ficiaire et dans le respect de son libre choix.\n\nLa garde \u00e0 domicile peut travailler en compl\u00e9mentarit\u00e9 avec l\u2019aidant proche (la famille ou l\u2019entourage) et permet, par son action, de le seconder et de lui offrir du r\u00e9pit.\n\nEn R\u00e9gion Wallonne, le travail du garde \u00e0 domicile est d\u00e9fini par un statut.\n<h3 class=\"wp-block-heading\"><strong>Required qualification<\/strong>\u00a0:<\/h3>\n<strong>IN THE WALLOON REGION : <\/strong>\n\nBe in possession of a certificate of registration as a family helper issued by the Ministry of the Walloon Region, together with a certificate certifying that training has been completed in one of the following areas:\n<ul>\n \t<li>Enseignement secondaire de plein exercice&nbsp;: certificat d\u2019auxiliaire familiale et sanitaire, certificat d\u2019aide familial\u00b7e, certificat d\u2019aide-soignant\u00b7e, certificat de pu\u00e9riculteur\u00b7trice, certificat d\u2019aspirant\u00b7e en nursing<\/li>\n \t<li>Enseignement de promotion sociale&nbsp;: certificat d\u2019auxiliaire polyvalent\u00b7e des services \u00e0 domicile et en collectivit\u00e9, certificat d\u2019aide familial\u00b7e, certificat d\u2019aide-soignant\u00b7e<\/li>\n \t<li>Work-study education and training centre: same qualifications as for full-time education<\/li>\n \t<li>Centre de formation reconnu par la R\u00e9gion Wallonne&nbsp;: attestation de capacit\u00e9 d\u2019aide familial\u00b7e<\/li>\n \t<li>AFPK training<\/li>\n<\/ul>\nAs part of the respite projects supported by AWIPH, staff must have qualifications corresponding to one of the educational, social, paramedical or medical functions recognised by the CP 318 to which the service belongs.\n\n<strong>IN THE GERMAN-SPEAKING COMMUNITY<\/strong>\n<ul>\n \t<li>AFPK (Ausbildung Familien &amp; Seniorenhelfer\/in und Pflegehelfer\/in<\/li>\n \t<li>Full secondary education: 6<sup>th<\/sup> Familienhilfe\u00ab year\u00bb<\/li>\n \t<li>Full secondary education: 7<sup>th<\/sup> Pflegehilfe\u00ab year\u00bb<\/li>\n \t<li>Bachelor of Nursing (successful completion of first year)<\/li>\n<\/ul>\n<strong>SKILLS REQUIRED<\/strong>\n<ul>\n \t<li>Demonstrate expertise in helping people with everyday tasks<\/li>\n \t<li>Demonstrate an ability to occupy and animate the person<\/li>\n \t<li>Demonstrate the ability to work in an organised department and as part of a team<\/li>\n \t<li>Know how to work in an interdisciplinary manner, referring to other professionals for all tasks that go beyond his\/her competence<\/li>\n \t<li>Knowing how to adapt your work to situations in the home<\/li>\n \t<li>Know how to work autonomously in the home while respecting service guidelines, decisions taken by the team and beneficiaries in the context of their daily lives.<\/li>\n \t<li>Demonstrate the ability to observe, reflect, analyse and pass on information about situations encountered.<\/li>\n \t<li>Developing a sense of human contact, listening skills and the ability to build relationships<\/li>\n \t<li>Be able to react in the event of an exceptional situation<\/li>\n \t<li>\u00catre rigoureux\u00b7se dans le suivi des consignes administratives<\/li>\n \t<li>Respect the rules of professional ethics, discretion, professional secrecy and shared secrecy<\/li>\n<\/ul>\n<strong>LINE MANAGER<\/strong>\n\nLa garde \u00e0 domicile d\u00e9pend hi\u00e9rarchiquement de l\u2019assistant\u00b7e social\u00b7e qui l\u2019encadre et de la direction ASD.\n<h3 class=\"wp-block-heading\">MISSIONS<\/h3>\n<strong>PRESTATION CHEZ LE\u00b7LA B\u00c9N\u00c9FICIAIRE<\/strong>\n\n&#8211; Assurer une pr\u00e9sence active aupr\u00e8s du b\u00e9n\u00e9ficiaire, selon les consignes \u00e9tablies par l\u2019assistant\u00b7e social\u00b7e\n<ul>\n \t<li>ensure physical and moral safety and comfort<\/li>\n \t<li>offer appropriate activities<\/li>\n \t<li>providing relational support: listening, identifying difficulties, support through presence, dialogue, etc.<\/li>\n \t<li>aider \u00e0 l\u2019accomplissement des activit\u00e9s li\u00e9es aux soins de base d\u2019hygi\u00e8ne et de sant\u00e9&nbsp;: veiller \u00e0 la prise correcte des m\u00e9dicaments, aider le\u00b7la b\u00e9n\u00e9ficiaire \u00e0 assurer son hygi\u00e8ne corporelle, \u2026 Ces actes sont r\u00e9alis\u00e9s dans le cadre de l\u2019aide \u00e0 la vie journali\u00e8re et il est interdit de dispenser un soin technique relevant de l\u2019art infirmier.<\/li>\n \t<li>prepare and give meals to beneficiaries in connection with the service<\/li>\n \t<li>help with travelling outside the home<\/li>\n<\/ul>\n&#8211; Encourager le\u00b7la b\u00e9n\u00e9ficiaire au d\u00e9veloppement, au maintien ou \u00e0 la restauration de son autonomie\n\n&#8211; Accompagner le\u00b7la b\u00e9n\u00e9ficiaire et son entourage dans le cadre des soins palliatifs\n\n&#8211; Int\u00e9grer son action dans un cadre pr\u00e9ventif\n\n&#8211; Apporter un soutien et\/ou un r\u00e9pit aux aidant\u00b7es proches\n<h3 class=\"wp-block-heading\"><strong>WORKING AS PART OF A TEAM OF HOME CARERS<\/strong><\/h3>\n<!-- \/wp:paragraph -->\n<!-- wp:list -->\n<ul class=\"wp-block-list\">\n<!-- wp:list-item -->\n \t<li>Working as part of a team under the supervision of a social worker<\/li>\n \t<li>Collaborer et relayer toute information pertinente au sein de l\u2019\u00e9quipe de gardes \u00e0 domicile et \u00e0 l&rsquo;assistant\u00b7e social\u00b7e, dans un souci de garantir la continuit\u00e9 de l\u2019aide<\/li>\n<\/ul>\n<strong>INTERDISCIPLINARY WORK<\/strong>\n<ul>\n \t<li>Maintain ongoing collaboration with all ASD departments and internal stakeholders in order to ensure continuity and quality of support.<\/li>\n \t<li>S\u2019ins\u00e9rer dans un travail interdisciplinaire d\u2019aide et de soins \u00e0 domicile et en relais aux autres intervenant\u00b7e\u00b7s (internes ou externes \u00e0 l\u2019ASD) pour tous les actes qui d\u00e9passent sa comp\u00e9tence.<\/li>\n \t<li>Pass on any useful information to the social worker.<\/li>\n \t<li>Get involved and participate in the partnership initiatives developed by the ASD.<\/li>\n<\/ul>\n<strong>CROSS-FUNCTIONAL MISSIONS<\/strong>\n<ul>\n \t<li>Promote and guarantee the functioning and values of ASD.<\/li>\n \t<li>To ensure that its professional activities are in line with its quality charter.<\/li>\n \t<li>Integrate one's actions in accordance with the rules of professional ethics, duty of discretion, professional secrecy and shared secrecy.<\/li>\n \t<li>Comply with safety standards and apply basic rules to avoid any risk to your health (accidents and illness).<\/li>\n \t<li>Complete the various administrative documents and strictly adhere to the relevant instructions and deadlines.<\/li>\n \t<li>Participer activement aux r\u00e9unions (r\u00e9union d\u2019\u00e9quipe, r\u00e9union de coordination) et respecter les d\u00e9cisions prises et\/ou des actions \u00e0 entreprendre.<\/li>\n \t<li>Participer activement aux formations (en \u00e9valuant ses besoins et en concertation avec l&rsquo;assistant\u00b7e social\u00b7e) et veiller \u00e0 la mise en pratique des comp\u00e9tences acquises.<\/li>\n<\/ul>\n<h3 class=\"wp-block-heading\">Want to be part of the human adventure?<\/h3>\n<!-- \/wp:list-item -->\n<!-- wp:paragraph -->\n\nSend your CV and a few lines about your motivations to: <a href=\"mailto:job@asdliege.be\">job@asdliege.be<\/a>\n<ul>\n \t<li>The Recruitment Unit will contact you by telephone to better understand your career plans and answer any questions you may have.<\/li>\n \t<li>You will participate in scenarios specific to your future work environment, alongside the department manager or assistant.<\/li>\n \t<li>We will meet you for an interview at our offices.<\/li>\n<\/ul>\n<!-- \/wp:paragraph -->\n<!-- wp:paragraph -->\n\n<em><strong>Come and experience a different way of \u00abtaking care\u00bb... A way that suits you!<\/strong><\/em>\n<!-- \/wp:paragraph -->","protected":false},"author":21,"featured_media":0,"parent":0,"template":"","format":"standard","meta":{"_acf_changed":false,"_seopress_robots_primary_cat":"","_seopress_titles_title":"","_seopress_titles_desc":"","_seopress_robots_index":"","footnotes":""},"categories":[35],"diplome":[233],"fonction":[201],"region":[14],"service_tax":[164],"statut":[],"temps-de-travail":[272],"type-de-contrat":[40],"class_list":["post-5954","offre-demploi","type-offre-demploi","status-publish","format-standard","hentry","category-offres-demploi-cat","diplome-cess","fonction-garde-a-domicile","region-liege-huy-waremme","service_tax-aide-vie-journaliere","temps-de-travail-28h-30h-semaine","type-de-contrat-cdd"],"acf":[],"_links":{"self":[{"href":"https:\/\/liege.aideetsoinsadomicile.be\/en\/wp-json\/wp\/v2\/offre-demploi\/5954","targetHints":{"allow":["GET"]}}],"collection":[{"href":"https:\/\/liege.aideetsoinsadomicile.be\/en\/wp-json\/wp\/v2\/offre-demploi"}],"about":[{"href":"https:\/\/liege.aideetsoinsadomicile.be\/en\/wp-json\/wp\/v2\/types\/offre-demploi"}],"author":[{"embeddable":true,"href":"https:\/\/liege.aideetsoinsadomicile.be\/en\/wp-json\/wp\/v2\/users\/21"}],"version-history":[{"count":1,"href":"https:\/\/liege.aideetsoinsadomicile.be\/en\/wp-json\/wp\/v2\/offre-demploi\/5954\/revisions"}],"predecessor-version":[{"id":5957,"href":"https:\/\/liege.aideetsoinsadomicile.be\/en\/wp-json\/wp\/v2\/offre-demploi\/5954\/revisions\/5957"}],"wp:attachment":[{"href":"https:\/\/liege.aideetsoinsadomicile.be\/en\/wp-json\/wp\/v2\/media?parent=5954"}],"wp:term":[{"taxonomy":"category","embeddable":true,"href":"https:\/\/liege.aideetsoinsadomicile.be\/en\/wp-json\/wp\/v2\/categories?post=5954"},{"taxonomy":"diplome","embeddable":true,"href":"https:\/\/liege.aideetsoinsadomicile.be\/en\/wp-json\/wp\/v2\/diplome?post=5954"},{"taxonomy":"fonction","embeddable":true,"href":"https:\/\/liege.aideetsoinsadomicile.be\/en\/wp-json\/wp\/v2\/fonction?post=5954"},{"taxonomy":"region","embeddable":true,"href":"https:\/\/liege.aideetsoinsadomicile.be\/en\/wp-json\/wp\/v2\/region?post=5954"},{"taxonomy":"service_tax","embeddable":true,"href":"https:\/\/liege.aideetsoinsadomicile.be\/en\/wp-json\/wp\/v2\/service_tax?post=5954"},{"taxonomy":"statut","embeddable":true,"href":"https:\/\/liege.aideetsoinsadomicile.be\/en\/wp-json\/wp\/v2\/statut?post=5954"},{"taxonomy":"temps-de-travail","embeddable":true,"href":"https:\/\/liege.aideetsoinsadomicile.be\/en\/wp-json\/wp\/v2\/temps-de-travail?post=5954"},{"taxonomy":"type-de-contrat","embeddable":true,"href":"https:\/\/liege.aideetsoinsadomicile.be\/en\/wp-json\/wp\/v2\/type-de-contrat?post=5954"}],"curies":[{"name":"wp","href":"https:\/\/api.w.org\/{rel}","templated":true}]}}

Garde à Domicile &#8211; Liège

<h3 class="wp-block-heading">FUNCTION</h3>
<!-- /wp:post-content -->
<!-- wp:paragraph -->

La garde à domicile a pour mission de contribuer, par une présence de longue durée, de jour comme de nuit, au bien-être, au confort physique et moral, à l’hygiène de vie et à la sécurité de toute personne, qui pour des raisons de santé ou de handicap, nécessite une présence continue. Son rôle est de permettre le maintien à domicile des personnes en préservant et en stimulant leur autonomie, et en veillant à leur qualité de vie. La ·le garde à domicile agit dans l’intérêt du bénéficiaire et dans le respect de son libre choix.

La garde à domicile peut travailler en complémentarité avec l’aidant proche (la famille ou l’entourage) et permet, par son action, de le seconder et de lui offrir du répit.

En Région Wallonne, le travail du garde à domicile est défini par un statut.
<h3 class="wp-block-heading"><strong>Required qualification</strong> :</h3>
<strong>IN THE WALLOON REGION : </strong>

Be in possession of a certificate of registration as a family helper issued by the Ministry of the Walloon Region, together with a certificate certifying that training has been completed in one of the following areas:
<ul>
 	<li>Enseignement secondaire de plein exercice&nbsp;: certificat d’auxiliaire familiale et sanitaire, certificat d’aide familial·e, certificat d’aide-soignant·e, certificat de puériculteur·trice, certificat d’aspirant·e en nursing</li>
 	<li>Enseignement de promotion sociale&nbsp;: certificat d’auxiliaire polyvalent·e des services à domicile et en collectivité, certificat d’aide familial·e, certificat d’aide-soignant·e</li>
 	<li>Work-study education and training centre: same qualifications as for full-time education</li>
 	<li>Centre de formation reconnu par la Région Wallonne&nbsp;: attestation de capacité d’aide familial·e</li>
 	<li>AFPK training</li>
</ul>
As part of the respite projects supported by AWIPH, staff must have qualifications corresponding to one of the educational, social, paramedical or medical functions recognised by the CP 318 to which the service belongs.

<strong>IN THE GERMAN-SPEAKING COMMUNITY</strong>
<ul>
 	<li>AFPK (Ausbildung Familien &amp; Seniorenhelfer/in und Pflegehelfer/in</li>
 	<li>Full secondary education: 6<sup>th</sup> Familienhilfe« year»</li>
 	<li>Full secondary education: 7<sup>th</sup> Pflegehilfe« year»</li>
 	<li>Bachelor of Nursing (successful completion of first year)</li>
</ul>
<strong>SKILLS REQUIRED</strong>
<ul>
 	<li>Demonstrate expertise in helping people with everyday tasks</li>
 	<li>Demonstrate an ability to occupy and animate the person</li>
 	<li>Demonstrate the ability to work in an organised department and as part of a team</li>
 	<li>Know how to work in an interdisciplinary manner, referring to other professionals for all tasks that go beyond his/her competence</li>
 	<li>Knowing how to adapt your work to situations in the home</li>
 	<li>Know how to work autonomously in the home while respecting service guidelines, decisions taken by the team and beneficiaries in the context of their daily lives.</li>
 	<li>Demonstrate the ability to observe, reflect, analyse and pass on information about situations encountered.</li>
 	<li>Developing a sense of human contact, listening skills and the ability to build relationships</li>
 	<li>Be able to react in the event of an exceptional situation</li>
 	<li>Être rigoureux·se dans le suivi des consignes administratives</li>
 	<li>Respect the rules of professional ethics, discretion, professional secrecy and shared secrecy</li>
</ul>
<strong>LINE MANAGER</strong>

La garde à domicile dépend hiérarchiquement de l’assistant·e social·e qui l’encadre et de la direction ASD.
<h3 class="wp-block-heading">MISSIONS</h3>
<strong>PRESTATION CHEZ LE·LA BÉNÉFICIAIRE</strong>

&#8211; Assurer une présence active auprès du bénéficiaire, selon les consignes établies par l’assistant·e social·e
<ul>
 	<li>ensure physical and moral safety and comfort</li>
 	<li>offer appropriate activities</li>
 	<li>providing relational support: listening, identifying difficulties, support through presence, dialogue, etc.</li>
 	<li>aider à l’accomplissement des activités liées aux soins de base d’hygiène et de santé&nbsp;: veiller à la prise correcte des médicaments, aider le·la bénéficiaire à assurer son hygiène corporelle, … Ces actes sont réalisés dans le cadre de l’aide à la vie journalière et il est interdit de dispenser un soin technique relevant de l’art infirmier.</li>
 	<li>prepare and give meals to beneficiaries in connection with the service</li>
 	<li>help with travelling outside the home</li>
</ul>
&#8211; Encourager le·la bénéficiaire au développement, au maintien ou à la restauration de son autonomie

&#8211; Accompagner le·la bénéficiaire et son entourage dans le cadre des soins palliatifs

&#8211; Intégrer son action dans un cadre préventif

&#8211; Apporter un soutien et/ou un répit aux aidant·es proches
<h3 class="wp-block-heading"><strong>WORKING AS PART OF A TEAM OF HOME CARERS</strong></h3>
<!-- /wp:paragraph -->
<!-- wp:list -->
<ul class="wp-block-list">
<!-- wp:list-item -->
 	<li>Working as part of a team under the supervision of a social worker</li>
 	<li>Collaborer et relayer toute information pertinente au sein de l’équipe de gardes à domicile et à l&rsquo;assistant·e social·e, dans un souci de garantir la continuité de l’aide</li>
</ul>
<strong>INTERDISCIPLINARY WORK</strong>
<ul>
 	<li>Maintain ongoing collaboration with all ASD departments and internal stakeholders in order to ensure continuity and quality of support.</li>
 	<li>S’insérer dans un travail interdisciplinaire d’aide et de soins à domicile et en relais aux autres intervenant·e·s (internes ou externes à l’ASD) pour tous les actes qui dépassent sa compétence.</li>
 	<li>Pass on any useful information to the social worker.</li>
 	<li>Get involved and participate in the partnership initiatives developed by the ASD.</li>
</ul>
<strong>CROSS-FUNCTIONAL MISSIONS</strong>
<ul>
 	<li>Promote and guarantee the functioning and values of ASD.</li>
 	<li>To ensure that its professional activities are in line with its quality charter.</li>
 	<li>Integrate one's actions in accordance with the rules of professional ethics, duty of discretion, professional secrecy and shared secrecy.</li>
 	<li>Comply with safety standards and apply basic rules to avoid any risk to your health (accidents and illness).</li>
 	<li>Complete the various administrative documents and strictly adhere to the relevant instructions and deadlines.</li>
 	<li>Participer activement aux réunions (réunion d’équipe, réunion de coordination) et respecter les décisions prises et/ou des actions à entreprendre.</li>
 	<li>Participer activement aux formations (en évaluant ses besoins et en concertation avec l&rsquo;assistant·e social·e) et veiller à la mise en pratique des compétences acquises.</li>
</ul>
<h3 class="wp-block-heading">Want to be part of the human adventure?</h3>
<!-- /wp:list-item -->
<!-- wp:paragraph -->

Send your CV and a few lines about your motivations to: <a href="mailto:job@asdliege.be">job@asdliege.be</a>
<ul>
 	<li>The Recruitment Unit will contact you by telephone to better understand your career plans and answer any questions you may have.</li>
 	<li>You will participate in scenarios specific to your future work environment, alongside the department manager or assistant.</li>
 	<li>We will meet you for an interview at our offices.</li>
</ul>
<!-- /wp:paragraph -->
<!-- wp:paragraph -->

<em><strong>Come and experience a different way of «taking care»... A way that suits you!</strong></em>
<!-- /wp:paragraph -->
