{"id":4223,"date":"2025-10-01T15:34:36","date_gmt":"2025-10-01T13:34:36","guid":{"rendered":"http:\/\/liege.aideetsoinsadomicile.be\/blog\/service\/prise-de-de-sang-et-prelevement\/"},"modified":"2025-12-04T11:59:50","modified_gmt":"2025-12-04T10:59:50","slug":"blutabnahme-und-entnahme","status":"publish","type":"service","link":"https:\/\/liege.aideetsoinsadomicile.be\/de\/service\/prise-de-sang-et-prelevement\/","title":{"rendered":"Blutabnahme und Probenentnahme"},"content":{"rendered":"<p><b><span data-contrast=\"none\">En fonction des besoins<\/span><\/b><span data-ccp-props=\"{&quot;134245418&quot;:true,&quot;134245529&quot;:true,&quot;335559738&quot;:280,&quot;335559739&quot;:80}\">\u00a0<\/span><\/p>\n<ul>\n<li data-leveltext=\"\uf0b7\" data-font=\"Symbol\" data-listid=\"31\" data-list-defn-props=\"{&quot;335552541&quot;:1,&quot;335559685&quot;:360,&quot;335559991&quot;:360,&quot;469769226&quot;:&quot;Symbol&quot;,&quot;469769242&quot;:[8226],&quot;469777803&quot;:&quot;left&quot;,&quot;469777804&quot;:&quot;\uf0b7&quot;,&quot;469777815&quot;:&quot;multilevel&quot;}\" data-aria-posinset=\"1\" data-aria-level=\"1\"><span data-contrast=\"auto\">Acheminement vers le laboratoire d\u2019analyses<\/span><span data-ccp-props=\"{&quot;201341983&quot;:0,&quot;335551550&quot;:1,&quot;335551620&quot;:1,&quot;335559740&quot;:259}\">\u00a0<\/span><\/li>\n<\/ul>\n<ul>\n<li data-leveltext=\"\uf0b7\" data-font=\"Symbol\" data-listid=\"31\" data-list-defn-props=\"{&quot;335552541&quot;:1,&quot;335559685&quot;:360,&quot;335559991&quot;:360,&quot;469769226&quot;:&quot;Symbol&quot;,&quot;469769242&quot;:[8226],&quot;469777803&quot;:&quot;left&quot;,&quot;469777804&quot;:&quot;\uf0b7&quot;,&quot;469777815&quot;:&quot;multilevel&quot;}\" data-aria-posinset=\"2\" data-aria-level=\"1\"><span data-contrast=\"auto\">Pr\u00e9l\u00e8vements de sang veineux, capillaires\u00a0<\/span><span data-ccp-props=\"{&quot;201341983&quot;:0,&quot;335551550&quot;:1,&quot;335551620&quot;:1,&quot;335559740&quot;:259}\">\u00a0<\/span><\/li>\n<\/ul>\n<ul>\n<li data-leveltext=\"\uf0b7\" data-font=\"Symbol\" data-listid=\"31\" data-list-defn-props=\"{&quot;335552541&quot;:1,&quot;335559685&quot;:360,&quot;335559991&quot;:360,&quot;469769226&quot;:&quot;Symbol&quot;,&quot;469769242&quot;:[8226],&quot;469777803&quot;:&quot;left&quot;,&quot;469777804&quot;:&quot;\uf0b7&quot;,&quot;469777815&quot;:&quot;multilevel&quot;}\" data-aria-posinset=\"3\" data-aria-level=\"1\"><span data-contrast=\"auto\">Pr\u00e9l\u00e8vements de s\u00e9cr\u00e9tion et d\u2019excr\u00e9tions\u202f(urine, selles\u2026)<\/span><span data-ccp-props=\"{&quot;201341983&quot;:0,&quot;335551550&quot;:1,&quot;335551620&quot;:1,&quot;335559740&quot;:259}\">\u00a0<\/span><\/li>\n<\/ul>\n<ul>\n<li data-leveltext=\"\uf0b7\" data-font=\"Symbol\" data-listid=\"31\" data-list-defn-props=\"{&quot;335552541&quot;:1,&quot;335559685&quot;:360,&quot;335559991&quot;:360,&quot;469769226&quot;:&quot;Symbol&quot;,&quot;469769242&quot;:[8226],&quot;469777803&quot;:&quot;left&quot;,&quot;469777804&quot;:&quot;\uf0b7&quot;,&quot;469777815&quot;:&quot;multilevel&quot;}\" data-aria-posinset=\"4\" data-aria-level=\"1\"><span data-contrast=\"auto\">Respect des r\u00e8gles d\u2019asepsie et s\u00e9curit\u00e9 des \u00e9chantillons<\/span><span data-ccp-props=\"{&quot;201341983&quot;:0,&quot;335551550&quot;:1,&quot;335551620&quot;:1,&quot;335559740&quot;:259}\">\u00a0<\/span><\/li>\n<\/ul>\n<p><b><span data-contrast=\"none\">Organisation pens\u00e9e pour le bien-\u00eatre \u00e0 domicile\u00a0<\/span><\/b><span data-ccp-props=\"{&quot;134245418&quot;:true,&quot;134245529&quot;:true,&quot;335559738&quot;:280,&quot;335559739&quot;:80}\">\u00a0<\/span><\/p>\n<p><span data-contrast=\"auto\">Chaque patient est suivi par un infirmier ou un aide-soignant, en lien avec une \u00e9quipe coordonn\u00e9e et supervis\u00e9e par un infirmier en chef. L\u2019\u00e9quipe se coordonne de mani\u00e8re fluide afin de garantir la continuit\u00e9 et la qualit\u00e9 des soins.<\/span><span data-ccp-props=\"{}\">\u00a0<\/span><\/p>\n<p><span data-ccp-props=\"{}\">\u00a0<\/span><\/p>\n<p><span data-contrast=\"auto\">Les soins sont assur\u00e9s tous les jours entre 07h30 et 21h, avec un ou plusieurs passages selon les besoins.\u00a0<\/span><span data-ccp-props=\"{}\">\u00a0<\/span><\/p>\n<p><b><span data-contrast=\"none\">Permanence t\u00e9l\u00e9phonique\u00a0<\/span><\/b><span data-ccp-props=\"{&quot;134245418&quot;:true,&quot;134245529&quot;:true,&quot;335559738&quot;:280,&quot;335559739&quot;:80}\">\u00a0<\/span><\/p>\n<p><span data-contrast=\"auto\">Notre service dispose d\u2019une permanence t\u00e9l\u00e9phonique 24h\/24 et 7j\/7.\u00a0<\/span><span data-ccp-props=\"{}\">\u00a0<\/span><\/p>\n<p><b><span data-contrast=\"none\">Tarification<\/span><\/b><span data-ccp-props=\"{&quot;134245418&quot;:true,&quot;134245529&quot;:true,&quot;335559738&quot;:280,&quot;335559739&quot;:80}\">\u00a0<\/span><\/p>\n<p><span data-contrast=\"auto\">Les tarifs sont encadr\u00e9s et peuvent varier selon le type de prestation, la situation personnelle ou le r\u00e9gime de soins.<\/span><span data-ccp-props=\"{}\"> Tous nos prestataires sont conventionn\u00e9s.<\/span><\/p>\n<p><span data-contrast=\"auto\">Pour conna\u00eetre les conditions exactes qui s\u2019appliquent, contactez-nous au\u00a0<strong>043.428.428.<\/strong><\/span><\/p>\n<p><span data-ccp-props=\"{}\">\u00a0<\/span><\/p>\n<p><span data-contrast=\"auto\">Nos \u00e9quipes accompagnent au quotidien avec comp\u00e9tence et humanit\u00e9, pour des soins \u00e0 domicile en toute confiance et de qualit\u00e9.<\/span><span data-ccp-props=\"{}\">\u00a0<\/span><\/p>\n<p><span data-ccp-props=\"{}\">\u00a0<\/span><\/p>\n<p><b><span data-contrast=\"auto\">BRABANT WALLON &#8211; BRUXELLES &#8211; HAINAUT ORIENTAL &#8211; HAINAUT PICARDIE &#8211; LI\u00c8GE &#8211; LUXEMBOURG &#8211; NAMUR &#8211; VERVIERS &#8211; OSTBELGIEN<\/span><\/b><span data-ccp-props=\"{&quot;201341983&quot;:0,&quot;335551550&quot;:1,&quot;335551620&quot;:1,&quot;335559739&quot;:160,&quot;335559740&quot;:259}\">\u00a0<\/span><\/p>","protected":false},"author":1,"featured_media":5623,"parent":0,"menu_order":13,"template":"","format":"standard","meta":{"_acf_changed":false,"_seopress_robots_primary_cat":"","_seopress_titles_title":"","_seopress_titles_desc":"","_seopress_robots_index":"","footnotes":""},"region":[11,10,12,13,14,15,16,17,18],"service_tax":[24],"type-de-service":[38],"class_list":["post-4223","service","type-service","status-publish","format-standard","has-post-thumbnail","hentry","region-brabant-wallon","region-bruxelles","region-hainaut-oriental","region-hainaut-picardie","region-liege-huy-waremme","region-luxembourg","region-namur","region-ostbelgien","region-verviers","service_tax-soins-infirmiers","type-de-service-soins-infirmiers"],"acf":{"url_icone_du_service":4264,"descriptif_rapide":"<ul>\r\n \t<li>Acheminement vers le laboratoire d\u2019analyses<\/li>\r\n \t<li>Pr\u00e9l\u00e8vements de sang veineux, capillaires<\/li>\r\n \t<li>Pr\u00e9l\u00e8vements de s\u00e9cr\u00e9tion et d\u2019excr\u00e9tions\u202f(urine, selles\u2026)<\/li>\r\n \t<li>Respect des r\u00e8gles d\u2019asepsie et s\u00e9curit\u00e9 des \u00e9chantillons<\/li>\r\n<\/ul>","descriptif_complet":"Nos \u00e9quipes pratiquent tous types de pr\u00e9l\u00e8vements \u00e0 domicile","quels_soins_proposons_nous":"<ul>\r\n \t<li>Acheminement vers le laboratoire d\u2019analyses<\/li>\r\n \t<li>Pr\u00e9l\u00e8vements de sang veineux, capillaires<\/li>\r\n \t<li>Pr\u00e9l\u00e8vements de s\u00e9cr\u00e9tion et d\u2019excr\u00e9tions\u202f(urine, selles\u2026)<\/li>\r\n \t<li>Respect des r\u00e8gles d\u2019asepsie et s\u00e9curit\u00e9 des \u00e9chantillons<\/li>\r\n<\/ul>\r\n<strong>Possibilit\u00e9 de nous retrouver sur nos 4 sites de pr\u00e9l\u00e8vements du lundi au vendredi matin sans rendez-vous :<\/strong>\r\n<ul>\r\n \t<li>Sant\u00e9 98 : Chauss\u00e9e Verte 98\/01, 4470 Saint-Georges-sur-Meuse<\/li>\r\n \t<li>Centre m\u00e9dical CHC Bernalmont : Place C\u00e9sar de Paepe 7\/1, 4040 Herstal<\/li>\r\n \t<li>Centre m\u00e9dical CHC Pr\u00e9montr\u00e9s : Rue des Pr\u00e9montr\u00e9s 10, 4000 Li\u00e8ge<\/li>\r\n \t<li>Centre m\u00e9dical CHC Gr\u00e2ce-Hollogne : Rue Giacomo Matt\u00e9oti 80, 4460 Gr\u00e2ce-Hollogne<\/li>\r\n<\/ul>","une_organisation_pensee_pour_votre_confort_":"<span data-contrast=\"auto\">Chaque patient est suivi par un infirmier ou un aide-soignant, en lien avec une \u00e9quipe coordonn\u00e9e et supervis\u00e9e par un infirmier en chef. L\u2019\u00e9quipe se coordonne de mani\u00e8re fluide afin de garantir la continuit\u00e9 et la qualit\u00e9 des soins.<\/span><span data-ccp-props=\"{}\">\u00a0<\/span>\r\n\r\n<span data-contrast=\"auto\">Les soins sont assur\u00e9s tous les jours entre 07h30 et 21h, avec un ou plusieurs passages selon les besoins.\u00a0<\/span><span data-ccp-props=\"{}\">\u00a0<\/span>","en_cas_d\u2019urgence_":"<span class=\"TextRun SCXW229085620 BCX0\" lang=\"FR\" xml:lang=\"FR\" data-contrast=\"auto\"><span class=\"NormalTextRun SCXW229085620 BCX0\">Notre service dispose d\u2019une permanence t\u00e9l\u00e9phonique 24h\/24 et 7j\/7.\u00a0<\/span><\/span><span class=\"EOP SCXW229085620 BCX0\" data-ccp-props=\"{}\">\u00a0<\/span>","tarification":"<span data-contrast=\"auto\">Les tarifs sont encadr\u00e9s et peuvent varier selon le type de prestation, la situation personnelle ou le r\u00e9gime de soins.<\/span><span data-ccp-props=\"{}\"> Tous nos prestataires sont conventionn\u00e9s.<\/span>\r\n\r\n<span data-contrast=\"auto\">Pour conna\u00eetre les conditions exactes qui s\u2019appliquent, contactez-nous au\u00a0<strong>043.428.428.<\/strong><\/span>","phrase_de_cloture":"Nos \u00e9quipes accompagnent au quotidien avec comp\u00e9tence et humanit\u00e9, pour des soins \u00e0 domicile en toute confiance et de qualit\u00e9.\u00a0"},"_links":{"self":[{"href":"https:\/\/liege.aideetsoinsadomicile.be\/de\/wp-json\/wp\/v2\/service\/4223","targetHints":{"allow":["GET"]}}],"collection":[{"href":"https:\/\/liege.aideetsoinsadomicile.be\/de\/wp-json\/wp\/v2\/service"}],"about":[{"href":"https:\/\/liege.aideetsoinsadomicile.be\/de\/wp-json\/wp\/v2\/types\/service"}],"author":[{"embeddable":true,"href":"https:\/\/liege.aideetsoinsadomicile.be\/de\/wp-json\/wp\/v2\/users\/1"}],"version-history":[{"count":11,"href":"https:\/\/liege.aideetsoinsadomicile.be\/de\/wp-json\/wp\/v2\/service\/4223\/revisions"}],"predecessor-version":[{"id":5621,"href":"https:\/\/liege.aideetsoinsadomicile.be\/de\/wp-json\/wp\/v2\/service\/4223\/revisions\/5621"}],"wp:featuredmedia":[{"embeddable":true,"href":"https:\/\/liege.aideetsoinsadomicile.be\/de\/wp-json\/wp\/v2\/media\/5623"}],"wp:attachment":[{"href":"https:\/\/liege.aideetsoinsadomicile.be\/de\/wp-json\/wp\/v2\/media?parent=4223"}],"wp:term":[{"taxonomy":"region","embeddable":true,"href":"https:\/\/liege.aideetsoinsadomicile.be\/de\/wp-json\/wp\/v2\/region?post=4223"},{"taxonomy":"service_tax","embeddable":true,"href":"https:\/\/liege.aideetsoinsadomicile.be\/de\/wp-json\/wp\/v2\/service_tax?post=4223"},{"taxonomy":"type-de-service","embeddable":true,"href":"https:\/\/liege.aideetsoinsadomicile.be\/de\/wp-json\/wp\/v2\/type-de-service?post=4223"}],"curies":[{"name":"wp","href":"https:\/\/api.w.org\/{rel}","templated":true}]}}

<p><b><span data-contrast="none">En fonction des besoins</span></b><span data-ccp-props="{&quot;134245418&quot;:true,&quot;134245529&quot;:true,&quot;335559738&quot;:280,&quot;335559739&quot;:80}"> </span></p>
<ul>
<li data-leveltext="" data-font="Symbol" data-listid="31" data-list-defn-props="{&quot;335552541&quot;:1,&quot;335559685&quot;:360,&quot;335559991&quot;:360,&quot;469769226&quot;:&quot;Symbol&quot;,&quot;469769242&quot;:[8226],&quot;469777803&quot;:&quot;left&quot;,&quot;469777804&quot;:&quot;&quot;,&quot;469777815&quot;:&quot;multilevel&quot;}" data-aria-posinset="1" data-aria-level="1"><span data-contrast="auto">Acheminement vers le laboratoire d’analyses</span><span data-ccp-props="{&quot;201341983&quot;:0,&quot;335551550&quot;:1,&quot;335551620&quot;:1,&quot;335559740&quot;:259}"> </span></li>
</ul>
<ul>
<li data-leveltext="" data-font="Symbol" data-listid="31" data-list-defn-props="{&quot;335552541&quot;:1,&quot;335559685&quot;:360,&quot;335559991&quot;:360,&quot;469769226&quot;:&quot;Symbol&quot;,&quot;469769242&quot;:[8226],&quot;469777803&quot;:&quot;left&quot;,&quot;469777804&quot;:&quot;&quot;,&quot;469777815&quot;:&quot;multilevel&quot;}" data-aria-posinset="2" data-aria-level="1"><span data-contrast="auto">Prélèvements de sang veineux, capillaires </span><span data-ccp-props="{&quot;201341983&quot;:0,&quot;335551550&quot;:1,&quot;335551620&quot;:1,&quot;335559740&quot;:259}"> </span></li>
</ul>
<ul>
<li data-leveltext="" data-font="Symbol" data-listid="31" data-list-defn-props="{&quot;335552541&quot;:1,&quot;335559685&quot;:360,&quot;335559991&quot;:360,&quot;469769226&quot;:&quot;Symbol&quot;,&quot;469769242&quot;:[8226],&quot;469777803&quot;:&quot;left&quot;,&quot;469777804&quot;:&quot;&quot;,&quot;469777815&quot;:&quot;multilevel&quot;}" data-aria-posinset="3" data-aria-level="1"><span data-contrast="auto">Prélèvements de sécrétion et d’excrétions (urine, selles…)</span><span data-ccp-props="{&quot;201341983&quot;:0,&quot;335551550&quot;:1,&quot;335551620&quot;:1,&quot;335559740&quot;:259}"> </span></li>
</ul>
<ul>
<li data-leveltext="" data-font="Symbol" data-listid="31" data-list-defn-props="{&quot;335552541&quot;:1,&quot;335559685&quot;:360,&quot;335559991&quot;:360,&quot;469769226&quot;:&quot;Symbol&quot;,&quot;469769242&quot;:[8226],&quot;469777803&quot;:&quot;left&quot;,&quot;469777804&quot;:&quot;&quot;,&quot;469777815&quot;:&quot;multilevel&quot;}" data-aria-posinset="4" data-aria-level="1"><span data-contrast="auto">Respect des règles d’asepsie et sécurité des échantillons</span><span data-ccp-props="{&quot;201341983&quot;:0,&quot;335551550&quot;:1,&quot;335551620&quot;:1,&quot;335559740&quot;:259}"> </span></li>
</ul>
<p><b><span data-contrast="none">Organisation pensée pour le bien-être à domicile </span></b><span data-ccp-props="{&quot;134245418&quot;:true,&quot;134245529&quot;:true,&quot;335559738&quot;:280,&quot;335559739&quot;:80}"> </span></p>
<p><span data-contrast="auto">Chaque patient est suivi par un infirmier ou un aide-soignant, en lien avec une équipe coordonnée et supervisée par un infirmier en chef. L’équipe se coordonne de manière fluide afin de garantir la continuité et la qualité des soins.</span><span data-ccp-props="{}"> </span></p>
<p><span data-ccp-props="{}"> </span></p>
<p><span data-contrast="auto">Les soins sont assurés tous les jours entre 07h30 et 21h, avec un ou plusieurs passages selon les besoins. </span><span data-ccp-props="{}"> </span></p>
<p><b><span data-contrast="none">Permanence téléphonique </span></b><span data-ccp-props="{&quot;134245418&quot;:true,&quot;134245529&quot;:true,&quot;335559738&quot;:280,&quot;335559739&quot;:80}"> </span></p>
<p><span data-contrast="auto">Notre service dispose d’une permanence téléphonique 24h/24 et 7j/7. </span><span data-ccp-props="{}"> </span></p>
<p><b><span data-contrast="none">Tarification</span></b><span data-ccp-props="{&quot;134245418&quot;:true,&quot;134245529&quot;:true,&quot;335559738&quot;:280,&quot;335559739&quot;:80}"> </span></p>
<p><span data-contrast="auto">Les tarifs sont encadrés et peuvent varier selon le type de prestation, la situation personnelle ou le régime de soins.</span><span data-ccp-props="{}"> Tous nos prestataires sont conventionnés.</span></p>
<p><span data-contrast="auto">Pour connaître les conditions exactes qui s’appliquent, contactez-nous au <strong>043.428.428.</strong></span></p>
<p><span data-ccp-props="{}"> </span></p>
<p><span data-contrast="auto">Nos équipes accompagnent au quotidien avec compétence et humanité, pour des soins à domicile en toute confiance et de qualité.</span><span data-ccp-props="{}"> </span></p>
<p><span data-ccp-props="{}"> </span></p>
<p><b><span data-contrast="auto">BRABANT WALLON &#8211; BRUXELLES &#8211; HAINAUT ORIENTAL &#8211; HAINAUT PICARDIE &#8211; LIÈGE &#8211; LUXEMBOURG &#8211; NAMUR &#8211; VERVIERS &#8211; OSTBELGIEN</span></b><span data-ccp-props="{&quot;201341983&quot;:0,&quot;335551550&quot;:1,&quot;335551620&quot;:1,&quot;335559739&quot;:160,&quot;335559740&quot;:259}"> </span></p>

<ul>
 	<li>Acheminement vers le laboratoire d’analyses</li>
 	<li>Prélèvements de sang veineux, capillaires</li>
 	<li>Prélèvements de sécrétion et d’excrétions (urine, selles…)</li>
 	<li>Respect des règles d’asepsie et sécurité des échantillons</li>
</ul>

Nos équipes pratiquent tous types de prélèvements à domicile

<ul>
 	<li>Acheminement vers le laboratoire d’analyses</li>
 	<li>Prélèvements de sang veineux, capillaires</li>
 	<li>Prélèvements de sécrétion et d’excrétions (urine, selles…)</li>
 	<li>Respect des règles d’asepsie et sécurité des échantillons</li>
</ul>
<strong>Possibilité de nous retrouver sur nos 4 sites de prélèvements du lundi au vendredi matin sans rendez-vous :</strong>
<ul>
 	<li>Santé 98 : Chaussée Verte 98/01, 4470 Saint-Georges-sur-Meuse</li>
 	<li>Centre médical CHC Bernalmont : Place César de Paepe 7/1, 4040 Herstal</li>
 	<li>Centre médical CHC Prémontrés : Rue des Prémontrés 10, 4000 Liège</li>
 	<li>Centre médical CHC Grâce-Hollogne : Rue Giacomo Mattéoti 80, 4460 Grâce-Hollogne</li>
</ul>

<span data-contrast="auto">Chaque patient est suivi par un infirmier ou un aide-soignant, en lien avec une équipe coordonnée et supervisée par un infirmier en chef. L’équipe se coordonne de manière fluide afin de garantir la continuité et la qualité des soins.</span><span data-ccp-props="{}"> </span>

<span data-contrast="auto">Les soins sont assurés tous les jours entre 07h30 et 21h, avec un ou plusieurs passages selon les besoins. </span><span data-ccp-props="{}"> </span>

<span class="TextRun SCXW229085620 BCX0" lang="FR" xml:lang="FR" data-contrast="auto"><span class="NormalTextRun SCXW229085620 BCX0">Notre service dispose d’une permanence téléphonique 24h/24 et 7j/7. </span></span><span class="EOP SCXW229085620 BCX0" data-ccp-props="{}"> </span>

<span data-contrast="auto">Les tarifs sont encadrés et peuvent varier selon le type de prestation, la situation personnelle ou le régime de soins.</span><span data-ccp-props="{}"> Tous nos prestataires sont conventionnés.</span>

<span data-contrast="auto">Pour connaître les conditions exactes qui s’appliquent, contactez-nous au <strong>043.428.428.</strong></span>

Nos équipes accompagnent au quotidien avec compétence et humanité, pour des soins à domicile en toute confiance et de qualité.
