{"id":5954,"date":"2026-04-28T09:04:18","date_gmt":"2026-04-28T07:04:18","guid":{"rendered":"https:\/\/liege.aideetsoinsadomicile.be\/?post_type=offre-demploi&#038;p=5954"},"modified":"2026-04-28T09:04:18","modified_gmt":"2026-04-28T07:04:18","slug":"garde-a-domicile-liege","status":"publish","type":"offre-demploi","link":"https:\/\/liege.aideetsoinsadomicile.be\/de\/offre-demploi\/garde-a-domicile-liege\/","title":{"rendered":"Garde \u00e0 Domicile &#8211; Li\u00e8ge"},"content":{"rendered":"<h3 class=\"wp-block-heading\">FUNKTION<\/h3>\n<!-- \/wp:post-content -->\n<!-- wp:paragraph -->\n\nLa garde \u00e0 domicile a pour mission de contribuer, par une pr\u00e9sence de longue dur\u00e9e, de jour comme de nuit, au bien-\u00eatre, au confort physique et moral, \u00e0 l\u2019hygi\u00e8ne de vie et \u00e0 la s\u00e9curit\u00e9 de toute personne, qui pour des raisons de sant\u00e9 ou de handicap, n\u00e9cessite une pr\u00e9sence continue. Son r\u00f4le est de permettre le maintien \u00e0 domicile des personnes en pr\u00e9servant et en stimulant leur autonomie, et en veillant \u00e0 leur qualit\u00e9 de vie. La \u00b7le garde \u00e0 domicile agit dans l\u2019int\u00e9r\u00eat du b\u00e9n\u00e9ficiaire et dans le respect de son libre choix.\n\nLa garde \u00e0 domicile peut travailler en compl\u00e9mentarit\u00e9 avec l\u2019aidant proche (la famille ou l\u2019entourage) et permet, par son action, de le seconder et de lui offrir du r\u00e9pit.\n\nEn R\u00e9gion Wallonne, le travail du garde \u00e0 domicile est d\u00e9fini par un statut.\n<h3 class=\"wp-block-heading\"><strong>Erforderliche Qualifikation<\/strong>\u00a0:<\/h3>\n<strong>IN DER WALLONISCHEN REGION : <\/strong>\n\nSie m\u00fcssen im Besitz einer vom Ministerium der Wallonischen Region ausgestellten Zulassungsbescheinigung f\u00fcr Haushaltshilfen sein sowie \u00fcber eine Bescheinigung verf\u00fcgen, die best\u00e4tigt, dass eine Ausbildung in einem der folgenden Bereiche absolviert wurde:\n<ul>\n \t<li>Enseignement secondaire de plein exercice&nbsp;: certificat d\u2019auxiliaire familiale et sanitaire, certificat d\u2019aide familial\u00b7e, certificat d\u2019aide-soignant\u00b7e, certificat de pu\u00e9riculteur\u00b7trice, certificat d\u2019aspirant\u00b7e en nursing<\/li>\n \t<li>Enseignement de promotion sociale&nbsp;: certificat d\u2019auxiliaire polyvalent\u00b7e des services \u00e0 domicile et en collectivit\u00e9, certificat d\u2019aide familial\u00b7e, certificat d\u2019aide-soignant\u00b7e<\/li>\n \t<li>Zentrum f\u00fcr duale Ausbildung und Weiterbildung: gleiche Zertifizierungen wie f\u00fcr die Vollzeitausbildung<\/li>\n \t<li>Centre de formation reconnu par la R\u00e9gion Wallonne&nbsp;: attestation de capacit\u00e9 d\u2019aide familial\u00b7e<\/li>\n \t<li>Ausbildung AFPK<\/li>\n<\/ul>\nIm Rahmen der von der AWIPH unterst\u00fctzten Repit-Projekte muss das Personal \u00fcber eine Qualifikation verf\u00fcgen, die einer der erzieherischen, sozialen, paramedizinischen oder medizinischen Funktionen entspricht, die von der PK 318 anerkannt werden, der der Dienst untersteht.\n\n<strong>IN DER DEUTSCHSPRACHIGEN GEMEINSCHAFT<\/strong>\n<ul>\n \t<li>AFPK (Ausbildung Familien &amp; Seniorenhelfer\/in und Pflegehelfer\/in)<\/li>\n \t<li>Vollzeit-Sekundarunterricht: 6<sup>\u00e8me<\/sup> Jahr \u00abFamilienhilfe\u00bb<\/li>\n \t<li>Vollzeit-Sekundarunterricht: 7<sup>\u00e8me<\/sup> Jahr \u00abPflegehilfe\u00bb<\/li>\n \t<li>Bachelor-Abschluss in Krankenpflege (Bestehen des ersten Jahres)<\/li>\n<\/ul>\n<strong>ERFORDERLICHE F\u00c4HIGKEITEN<\/strong>\n<ul>\n \t<li>Demonstration von Kenntnissen in den Handlungen zur Unterst\u00fctzung des t\u00e4glichen Lebens<\/li>\n \t<li>Demonstrieren Sie die F\u00e4higkeit, die Person zu besch\u00e4ftigen und zu animieren.<\/li>\n \t<li>Nachweis der F\u00e4higkeit, in einem organisierten Dienst und in einem Team zu arbeiten<\/li>\n \t<li>Interdisziplin\u00e4r arbeiten k\u00f6nnen, indem sie sich bei allen Aufgaben, die ihre Kompetenz \u00fcberschreiten, auf andere Berufsgruppen beziehen<\/li>\n \t<li>Wissen, wie man seine Intervention an die h\u00e4usliche Lebenssituation anpasst<\/li>\n \t<li>Selbstst\u00e4ndig zu Hause arbeiten k\u00f6nnen und dabei die Richtlinien des Dienstes, die im Team getroffenen Entscheidungen und die Beg\u00fcnstigten im Kontext ihres t\u00e4glichen Lebens respektieren k\u00f6nnen<\/li>\n \t<li>Nachweis der F\u00e4higkeit, Situationen zu beobachten, zu reflektieren, zu analysieren und Informationen weiterzugeben<\/li>\n \t<li>Entwicklung eines Sinns f\u00fcr menschliche Kontakte, Zuh\u00f6ren und Beziehungsf\u00e4higkeit<\/li>\n \t<li>In der Lage sein, auf au\u00dfergew\u00f6hnliche Situationen zu reagieren<\/li>\n \t<li>\u00catre rigoureux\u00b7se dans le suivi des consignes administratives<\/li>\n \t<li>Beachten Sie die Regeln der Berufsethik, der Schweigepflicht, des Berufsgeheimnisses und des geteilten Geheimnisses.<\/li>\n<\/ul>\n<strong>VORGESETZTER<\/strong>\n\nLa garde \u00e0 domicile d\u00e9pend hi\u00e9rarchiquement de l\u2019assistant\u00b7e social\u00b7e qui l\u2019encadre et de la direction ASD.\n<h3 class=\"wp-block-heading\">MISSIONEN<\/h3>\n<strong>PRESTATION CHEZ LE\u00b7LA B\u00c9N\u00c9FICIAIRE<\/strong>\n\n&#8211; Assurer une pr\u00e9sence active aupr\u00e8s du b\u00e9n\u00e9ficiaire, selon les consignes \u00e9tablies par l\u2019assistant\u00b7e social\u00b7e\n<ul>\n \t<li>f\u00fcr die Sicherheit und das k\u00f6rperliche und seelische Wohlbefinden sorgen<\/li>\n \t<li>angepasste Aktivit\u00e4ten vorschlagen<\/li>\n \t<li>relationale Hilfe leisten: zuh\u00f6ren, Schwierigkeiten erkennen, Unterst\u00fctzung durch Anwesenheit, Dialog, ...<\/li>\n \t<li>aider \u00e0 l\u2019accomplissement des activit\u00e9s li\u00e9es aux soins de base d\u2019hygi\u00e8ne et de sant\u00e9&nbsp;: veiller \u00e0 la prise correcte des m\u00e9dicaments, aider le\u00b7la b\u00e9n\u00e9ficiaire \u00e0 assurer son hygi\u00e8ne corporelle, \u2026 Ces actes sont r\u00e9alis\u00e9s dans le cadre de l\u2019aide \u00e0 la vie journali\u00e8re et il est interdit de dispenser un soin technique relevant de l\u2019art infirmier.<\/li>\n \t<li>die Mahlzeiten des Empf\u00e4ngers im Zusammenhang mit der Leistung zubereiten und verabreichen<\/li>\n \t<li>Hilfe bei der Fortbewegung im Freien<\/li>\n<\/ul>\n&#8211; Encourager le\u00b7la b\u00e9n\u00e9ficiaire au d\u00e9veloppement, au maintien ou \u00e0 la restauration de son autonomie\n\n&#8211; Accompagner le\u00b7la b\u00e9n\u00e9ficiaire et son entourage dans le cadre des soins palliatifs\n\n&#8211; Int\u00e9grer son action dans un cadre pr\u00e9ventif\n\n&#8211; Apporter un soutien et\/ou un r\u00e9pit aux aidant\u00b7es proches\n<h3 class=\"wp-block-heading\"><strong>ARBEIT IN EINEM TEAM VON HAUSBETREUERN<\/strong><\/h3>\n<!-- \/wp:paragraph -->\n<!-- wp:list -->\n<ul class=\"wp-block-list\">\n<!-- wp:list-item -->\n \t<li>Sich in ein Team einf\u00fcgen und unter der Aufsicht der Sozialarbeiterin\/des Sozialarbeiters arbeiten<\/li>\n \t<li>Collaborer et relayer toute information pertinente au sein de l\u2019\u00e9quipe de gardes \u00e0 domicile et \u00e0 l&rsquo;assistant\u00b7e social\u00b7e, dans un souci de garantir la continuit\u00e9 de l\u2019aide<\/li>\n<\/ul>\n<strong>INTERDISZIPLIN\u00c4RES ARBEITEN<\/strong>\n<ul>\n \t<li>Eine kontinuierliche Zusammenarbeit mit allen Abteilungen und internen Akteuren der ASD pflegen, um die Kontinuit\u00e4t und Qualit\u00e4t der Hilfe zu gew\u00e4hrleisten.<\/li>\n \t<li>S\u2019ins\u00e9rer dans un travail interdisciplinaire d\u2019aide et de soins \u00e0 domicile et en relais aux autres intervenant\u00b7e\u00b7s (internes ou externes \u00e0 l\u2019ASD) pour tous les actes qui d\u00e9passent sa comp\u00e9tence.<\/li>\n \t<li>Alle n\u00fctzlichen Informationen an den Sozialarbeiter weiterleiten.<\/li>\n \t<li>Sich engagieren und an den von der ASD entwickelten Partnerschaftsdynamiken teilnehmen.<\/li>\n<\/ul>\n<strong>QUERSCHNITTSAUFGABEN<\/strong>\n<ul>\n \t<li>F\u00f6rderung und Gew\u00e4hrleistung der Funktionsweise und der Werte von ASD.<\/li>\n \t<li>Ihr berufliches Handeln in den Rahmen einer st\u00e4ndigen Aufmerksamkeit f\u00fcr die Qualit\u00e4tscharta einordnen.<\/li>\n \t<li>Sein Handeln unter Einhaltung der berufsethischen Regeln, der Verschwiegenheitspflicht, des Berufsgeheimnisses und des gemeinsamen Geheimnisses aus\u00fcben.<\/li>\n \t<li>Die Sicherheitsnormen einhalten und die Grundregeln anwenden, um Gesundheitsrisiken (Unf\u00e4lle und Krankheiten) zu vermeiden.<\/li>\n \t<li>Die verschiedenen Verwaltungsdokumente ausf\u00fcllen und die entsprechenden Anweisungen und Fristen strikt einhalten.<\/li>\n \t<li>Participer activement aux r\u00e9unions (r\u00e9union d\u2019\u00e9quipe, r\u00e9union de coordination) et respecter les d\u00e9cisions prises et\/ou des actions \u00e0 entreprendre.<\/li>\n \t<li>Participer activement aux formations (en \u00e9valuant ses besoins et en concertation avec l&rsquo;assistant\u00b7e social\u00b7e) et veiller \u00e0 la mise en pratique des comp\u00e9tences acquises.<\/li>\n<\/ul>\n<h3 class=\"wp-block-heading\">M\u00f6chten Sie Teil dieses menschlichen Abenteuers sein?<\/h3>\n<!-- \/wp:list-item -->\n<!-- wp:paragraph -->\n\nSenden Sie Ihren Lebenslauf und ein paar Zeilen zu Ihrer Motivation an: <a href=\"mailto:job@asdliege.be\">job@asdliege.be<\/a>\n<ul>\n \t<li>Die Personalabteilung wird Sie telefonisch kontaktieren, um mehr \u00fcber Ihren Karriereplan zu erfahren und alle Ihre Fragen zu beantworten.<\/li>\n \t<li>Sie werden gemeinsam mit dem\/der Abteilungsleiter\/in oder dessen\/deren Stellvertreter\/in in Situationen eingreifen, die Ihrer zuk\u00fcnftigen Realit\u00e4t vor Ort entsprechen.<\/li>\n \t<li>Wir treffen uns zu einem Gespr\u00e4ch in unseren B\u00fcros.<\/li>\n<\/ul>\n<!-- \/wp:paragraph -->\n<!-- wp:paragraph -->\n\n<em><strong>Entdecken Sie eine andere Art der \u00abPflege\u00bb... Eine Art, die zu Ihnen passt!<\/strong><\/em>\n<!-- \/wp:paragraph -->","protected":false},"author":21,"featured_media":0,"parent":0,"template":"","format":"standard","meta":{"_acf_changed":false,"_seopress_robots_primary_cat":"","_seopress_titles_title":"","_seopress_titles_desc":"","_seopress_robots_index":"","footnotes":""},"categories":[35],"diplome":[233],"fonction":[201],"region":[14],"service_tax":[164],"statut":[],"temps-de-travail":[272],"type-de-contrat":[40],"class_list":["post-5954","offre-demploi","type-offre-demploi","status-publish","format-standard","hentry","category-offres-demploi-cat","diplome-cess","fonction-garde-a-domicile","region-liege-huy-waremme","service_tax-aide-vie-journaliere","temps-de-travail-28h-30h-semaine","type-de-contrat-cdd"],"acf":[],"_links":{"self":[{"href":"https:\/\/liege.aideetsoinsadomicile.be\/de\/wp-json\/wp\/v2\/offre-demploi\/5954","targetHints":{"allow":["GET"]}}],"collection":[{"href":"https:\/\/liege.aideetsoinsadomicile.be\/de\/wp-json\/wp\/v2\/offre-demploi"}],"about":[{"href":"https:\/\/liege.aideetsoinsadomicile.be\/de\/wp-json\/wp\/v2\/types\/offre-demploi"}],"author":[{"embeddable":true,"href":"https:\/\/liege.aideetsoinsadomicile.be\/de\/wp-json\/wp\/v2\/users\/21"}],"version-history":[{"count":1,"href":"https:\/\/liege.aideetsoinsadomicile.be\/de\/wp-json\/wp\/v2\/offre-demploi\/5954\/revisions"}],"predecessor-version":[{"id":5957,"href":"https:\/\/liege.aideetsoinsadomicile.be\/de\/wp-json\/wp\/v2\/offre-demploi\/5954\/revisions\/5957"}],"wp:attachment":[{"href":"https:\/\/liege.aideetsoinsadomicile.be\/de\/wp-json\/wp\/v2\/media?parent=5954"}],"wp:term":[{"taxonomy":"category","embeddable":true,"href":"https:\/\/liege.aideetsoinsadomicile.be\/de\/wp-json\/wp\/v2\/categories?post=5954"},{"taxonomy":"diplome","embeddable":true,"href":"https:\/\/liege.aideetsoinsadomicile.be\/de\/wp-json\/wp\/v2\/diplome?post=5954"},{"taxonomy":"fonction","embeddable":true,"href":"https:\/\/liege.aideetsoinsadomicile.be\/de\/wp-json\/wp\/v2\/fonction?post=5954"},{"taxonomy":"region","embeddable":true,"href":"https:\/\/liege.aideetsoinsadomicile.be\/de\/wp-json\/wp\/v2\/region?post=5954"},{"taxonomy":"service_tax","embeddable":true,"href":"https:\/\/liege.aideetsoinsadomicile.be\/de\/wp-json\/wp\/v2\/service_tax?post=5954"},{"taxonomy":"statut","embeddable":true,"href":"https:\/\/liege.aideetsoinsadomicile.be\/de\/wp-json\/wp\/v2\/statut?post=5954"},{"taxonomy":"temps-de-travail","embeddable":true,"href":"https:\/\/liege.aideetsoinsadomicile.be\/de\/wp-json\/wp\/v2\/temps-de-travail?post=5954"},{"taxonomy":"type-de-contrat","embeddable":true,"href":"https:\/\/liege.aideetsoinsadomicile.be\/de\/wp-json\/wp\/v2\/type-de-contrat?post=5954"}],"curies":[{"name":"wp","href":"https:\/\/api.w.org\/{rel}","templated":true}]}}

Garde à Domicile &#8211; Liège

<h3 class="wp-block-heading">FUNKTION</h3>
<!-- /wp:post-content -->
<!-- wp:paragraph -->

La garde à domicile a pour mission de contribuer, par une présence de longue durée, de jour comme de nuit, au bien-être, au confort physique et moral, à l’hygiène de vie et à la sécurité de toute personne, qui pour des raisons de santé ou de handicap, nécessite une présence continue. Son rôle est de permettre le maintien à domicile des personnes en préservant et en stimulant leur autonomie, et en veillant à leur qualité de vie. La ·le garde à domicile agit dans l’intérêt du bénéficiaire et dans le respect de son libre choix.

La garde à domicile peut travailler en complémentarité avec l’aidant proche (la famille ou l’entourage) et permet, par son action, de le seconder et de lui offrir du répit.

En Région Wallonne, le travail du garde à domicile est défini par un statut.
<h3 class="wp-block-heading"><strong>Erforderliche Qualifikation</strong> :</h3>
<strong>IN DER WALLONISCHEN REGION : </strong>

Sie müssen im Besitz einer vom Ministerium der Wallonischen Region ausgestellten Zulassungsbescheinigung für Haushaltshilfen sein sowie über eine Bescheinigung verfügen, die bestätigt, dass eine Ausbildung in einem der folgenden Bereiche absolviert wurde:
<ul>
 	<li>Enseignement secondaire de plein exercice&nbsp;: certificat d’auxiliaire familiale et sanitaire, certificat d’aide familial·e, certificat d’aide-soignant·e, certificat de puériculteur·trice, certificat d’aspirant·e en nursing</li>
 	<li>Enseignement de promotion sociale&nbsp;: certificat d’auxiliaire polyvalent·e des services à domicile et en collectivité, certificat d’aide familial·e, certificat d’aide-soignant·e</li>
 	<li>Zentrum für duale Ausbildung und Weiterbildung: gleiche Zertifizierungen wie für die Vollzeitausbildung</li>
 	<li>Centre de formation reconnu par la Région Wallonne&nbsp;: attestation de capacité d’aide familial·e</li>
 	<li>Ausbildung AFPK</li>
</ul>
Im Rahmen der von der AWIPH unterstützten Repit-Projekte muss das Personal über eine Qualifikation verfügen, die einer der erzieherischen, sozialen, paramedizinischen oder medizinischen Funktionen entspricht, die von der PK 318 anerkannt werden, der der Dienst untersteht.

<strong>IN DER DEUTSCHSPRACHIGEN GEMEINSCHAFT</strong>
<ul>
 	<li>AFPK (Ausbildung Familien &amp; Seniorenhelfer/in und Pflegehelfer/in)</li>
 	<li>Vollzeit-Sekundarunterricht: 6<sup>ème</sup> Jahr «Familienhilfe»</li>
 	<li>Vollzeit-Sekundarunterricht: 7<sup>ème</sup> Jahr «Pflegehilfe»</li>
 	<li>Bachelor-Abschluss in Krankenpflege (Bestehen des ersten Jahres)</li>
</ul>
<strong>ERFORDERLICHE FÄHIGKEITEN</strong>
<ul>
 	<li>Demonstration von Kenntnissen in den Handlungen zur Unterstützung des täglichen Lebens</li>
 	<li>Demonstrieren Sie die Fähigkeit, die Person zu beschäftigen und zu animieren.</li>
 	<li>Nachweis der Fähigkeit, in einem organisierten Dienst und in einem Team zu arbeiten</li>
 	<li>Interdisziplinär arbeiten können, indem sie sich bei allen Aufgaben, die ihre Kompetenz überschreiten, auf andere Berufsgruppen beziehen</li>
 	<li>Wissen, wie man seine Intervention an die häusliche Lebenssituation anpasst</li>
 	<li>Selbstständig zu Hause arbeiten können und dabei die Richtlinien des Dienstes, die im Team getroffenen Entscheidungen und die Begünstigten im Kontext ihres täglichen Lebens respektieren können</li>
 	<li>Nachweis der Fähigkeit, Situationen zu beobachten, zu reflektieren, zu analysieren und Informationen weiterzugeben</li>
 	<li>Entwicklung eines Sinns für menschliche Kontakte, Zuhören und Beziehungsfähigkeit</li>
 	<li>In der Lage sein, auf außergewöhnliche Situationen zu reagieren</li>
 	<li>Être rigoureux·se dans le suivi des consignes administratives</li>
 	<li>Beachten Sie die Regeln der Berufsethik, der Schweigepflicht, des Berufsgeheimnisses und des geteilten Geheimnisses.</li>
</ul>
<strong>VORGESETZTER</strong>

La garde à domicile dépend hiérarchiquement de l’assistant·e social·e qui l’encadre et de la direction ASD.
<h3 class="wp-block-heading">MISSIONEN</h3>
<strong>PRESTATION CHEZ LE·LA BÉNÉFICIAIRE</strong>

&#8211; Assurer une présence active auprès du bénéficiaire, selon les consignes établies par l’assistant·e social·e
<ul>
 	<li>für die Sicherheit und das körperliche und seelische Wohlbefinden sorgen</li>
 	<li>angepasste Aktivitäten vorschlagen</li>
 	<li>relationale Hilfe leisten: zuhören, Schwierigkeiten erkennen, Unterstützung durch Anwesenheit, Dialog, ...</li>
 	<li>aider à l’accomplissement des activités liées aux soins de base d’hygiène et de santé&nbsp;: veiller à la prise correcte des médicaments, aider le·la bénéficiaire à assurer son hygiène corporelle, … Ces actes sont réalisés dans le cadre de l’aide à la vie journalière et il est interdit de dispenser un soin technique relevant de l’art infirmier.</li>
 	<li>die Mahlzeiten des Empfängers im Zusammenhang mit der Leistung zubereiten und verabreichen</li>
 	<li>Hilfe bei der Fortbewegung im Freien</li>
</ul>
&#8211; Encourager le·la bénéficiaire au développement, au maintien ou à la restauration de son autonomie

&#8211; Accompagner le·la bénéficiaire et son entourage dans le cadre des soins palliatifs

&#8211; Intégrer son action dans un cadre préventif

&#8211; Apporter un soutien et/ou un répit aux aidant·es proches
<h3 class="wp-block-heading"><strong>ARBEIT IN EINEM TEAM VON HAUSBETREUERN</strong></h3>
<!-- /wp:paragraph -->
<!-- wp:list -->
<ul class="wp-block-list">
<!-- wp:list-item -->
 	<li>Sich in ein Team einfügen und unter der Aufsicht der Sozialarbeiterin/des Sozialarbeiters arbeiten</li>
 	<li>Collaborer et relayer toute information pertinente au sein de l’équipe de gardes à domicile et à l&rsquo;assistant·e social·e, dans un souci de garantir la continuité de l’aide</li>
</ul>
<strong>INTERDISZIPLINÄRES ARBEITEN</strong>
<ul>
 	<li>Eine kontinuierliche Zusammenarbeit mit allen Abteilungen und internen Akteuren der ASD pflegen, um die Kontinuität und Qualität der Hilfe zu gewährleisten.</li>
 	<li>S’insérer dans un travail interdisciplinaire d’aide et de soins à domicile et en relais aux autres intervenant·e·s (internes ou externes à l’ASD) pour tous les actes qui dépassent sa compétence.</li>
 	<li>Alle nützlichen Informationen an den Sozialarbeiter weiterleiten.</li>
 	<li>Sich engagieren und an den von der ASD entwickelten Partnerschaftsdynamiken teilnehmen.</li>
</ul>
<strong>QUERSCHNITTSAUFGABEN</strong>
<ul>
 	<li>Förderung und Gewährleistung der Funktionsweise und der Werte von ASD.</li>
 	<li>Ihr berufliches Handeln in den Rahmen einer ständigen Aufmerksamkeit für die Qualitätscharta einordnen.</li>
 	<li>Sein Handeln unter Einhaltung der berufsethischen Regeln, der Verschwiegenheitspflicht, des Berufsgeheimnisses und des gemeinsamen Geheimnisses ausüben.</li>
 	<li>Die Sicherheitsnormen einhalten und die Grundregeln anwenden, um Gesundheitsrisiken (Unfälle und Krankheiten) zu vermeiden.</li>
 	<li>Die verschiedenen Verwaltungsdokumente ausfüllen und die entsprechenden Anweisungen und Fristen strikt einhalten.</li>
 	<li>Participer activement aux réunions (réunion d’équipe, réunion de coordination) et respecter les décisions prises et/ou des actions à entreprendre.</li>
 	<li>Participer activement aux formations (en évaluant ses besoins et en concertation avec l&rsquo;assistant·e social·e) et veiller à la mise en pratique des compétences acquises.</li>
</ul>
<h3 class="wp-block-heading">Möchten Sie Teil dieses menschlichen Abenteuers sein?</h3>
<!-- /wp:list-item -->
<!-- wp:paragraph -->

Senden Sie Ihren Lebenslauf und ein paar Zeilen zu Ihrer Motivation an: <a href="mailto:job@asdliege.be">job@asdliege.be</a>
<ul>
 	<li>Die Personalabteilung wird Sie telefonisch kontaktieren, um mehr über Ihren Karriereplan zu erfahren und alle Ihre Fragen zu beantworten.</li>
 	<li>Sie werden gemeinsam mit dem/der Abteilungsleiter/in oder dessen/deren Stellvertreter/in in Situationen eingreifen, die Ihrer zukünftigen Realität vor Ort entsprechen.</li>
 	<li>Wir treffen uns zu einem Gespräch in unseren Büros.</li>
</ul>
<!-- /wp:paragraph -->
<!-- wp:paragraph -->

<em><strong>Entdecken Sie eine andere Art der «Pflege»... Eine Art, die zu Ihnen passt!</strong></em>
<!-- /wp:paragraph -->
