{"id":5421,"date":"2025-12-01T12:37:21","date_gmt":"2025-12-01T11:37:21","guid":{"rendered":"http:\/\/liege.aideetsoinsadomicile.be\/?post_type=offre-demploi&#038;p=5421"},"modified":"2026-04-16T15:44:47","modified_gmt":"2026-04-16T13:44:47","slug":"krankenpflegeschuler-in","status":"publish","type":"offre-demploi","link":"http:\/\/liege.aideetsoinsadomicile.be\/de\/offre-demploi\/etudiant-e-infirmier-ere\/","title":{"rendered":"Student\/in Krankenschwester \/ Krankenpflegehelfer\/in Sommer 2026"},"content":{"rendered":"<h3 class=\"wp-block-heading\">Wer sind wir?\u00a0<\/h3>\n\n\n\n<p><strong>Hilfe und Pflege zu Hause L\u00fcttich \u2013 Huy \u2013 Waremme<\/strong>, bietet in Zusammenarbeit mit der Mutualit\u00e9 Chr\u00e9tienne de Li\u00e8ge integrierte und multidisziplin\u00e4re Hilfs- und Pflegedienste f\u00fcr zu Hause in den Bezirken L\u00fcttich \u2013 Huy \u2013 Waremme an und koordiniert diese.<\/p>\n<p>Sie f\u00f6rdert die Vernetzung, um den Bed\u00fcrfnissen der Patientinnen und Patienten gerecht zu werden.<\/p>\n<p>Dazu kann sie auf die Zusammenarbeit von mehr als 750 Fachkr\u00e4ften z\u00e4hlen (Haushaltshilfen, Krankenpfleger, Pflegehelfer, Haush\u00e4lter, Koordinatoren, Sozialhaushaltshilfen, Allround-Arbeiter, Kinderpfleger usw.).<\/p>\n\n\n\n<h3 class=\"wp-block-heading\">Ihre Aufgaben<\/h3>\n<p>Als Teil eines Teams und im Rahmen einer interdisziplin\u00e4ren Zusammenarbeit besteht die Aufgabe der Pflegekraft darin, eine Gruppe von Patienten zu Hause umfassend (pflegerisch und psychosozial) zu betreuen, um deren Gesundheit und Wohlbefinden zu erhalten, zu verbessern oder wiederherzustellen und ihre Selbstst\u00e4ndigkeit zu f\u00f6rdern. Sie arbeiten unter der Verantwortung der leitenden Pflegekraft Ihres Bereichs im Rahmen von Pflegediensten und k\u00fcmmern sich um die Betreuung der Patienten und die Verwaltung der Unterlagen (F\u00fchren der Pflegeakten, \u00dcberwachen der \u00e4rztlichen Verschreibungen usw.).<\/p>\n\n\n\n<h3 class=\"wp-block-heading\">Gesuchtes Profil\u00a0<\/h3>\n\n\n\n<ul class=\"wp-block-list\">\n<li>Inhaber\/in eines Diploms als Krankenpfleger\/in (Bachelor, Fachhochschulabschluss), einer VISA-Zulassung zur Aus\u00fcbung des Berufs als Krankenpfleger\/in und einer INAMI-Nummer (der Antrag kann bei der Einstellung gestellt werden)\u00a0<\/li>\n<li>F\u00fchrerschein Klasse B besitzen.<\/li>\n<li>Teamgeist haben<\/li>\n<li>Den Patienten in den Mittelpunkt stellen\u00a0<\/li>\n<li>Sie legen Wert auf Qualit\u00e4t und Kontinuit\u00e4t der Pflege<\/li>\n<li>Sie sind dynamisch, organisiert, zuverl\u00e4ssig, flexibel und gewissenhaft.<\/li>\n<li>Sie sind selbstst\u00e4ndig und k\u00f6nnen im Team arbeiten.<\/li>\n<li>Sie verfolgen Ihre Projekte konsequent.<\/li>\n<\/ul>\n\n\n\n<ul class=\"wp-block-list\"><\/ul>\n<!-- \/wp:post-content -->\n\n<!-- wp:heading {\"level\":3} -->\n<h3 class=\"wp-block-heading\">Was wir bieten\u00a0<\/h3>\n<!-- \/wp:heading -->\n\n<!-- wp:list -->\n<ul class=\"wp-block-list\">\n<!-- wp:list-item -->\n<li>Ein menschliches Abenteuer, das Tag f\u00fcr Tag in einem multidisziplin\u00e4ren Team mit den Werkzeugen Kommunikation und gegenseitige Hilfe aufgebaut wird.<\/li>\n<li>M\u00f6glichkeiten zur beruflichen und pers\u00f6nlichen Weiterentwicklung durch Fortbildungen, vielf\u00e4ltige technische T\u00e4tigkeiten und eine vielf\u00e4ltige Patientenschaft. Unser Ansatz gegen\u00fcber den Patienten ist eine ganzheitliche Betreuung, die sich auf drei Dimensionen st\u00fctzt: soziale, physische und psychische.<\/li>\n<li>Ein Job, der Selbstst\u00e4ndigkeit und Verantwortung in einer \u00fcberschaubaren Struktur erm\u00f6glicht.<\/li>\n<li>Ein befristeter Vertrag f\u00fcr Abend- und\/oder Wochenenddienste in unseren drei Bezirken (L\u00fcttich-Huy-Waremme; je nach Ihrem Wohnort).<\/li>\n<li>Ein Gehaltspaket auf der Grundlage der IFIC-Tarife mit folgenden Leistungen: Tankkarte, Zeitzuschl\u00e4ge\/Wochenendzuschl\u00e4ge und ein Tablet f\u00fcr die berufliche Nutzung.<\/li>\n<!-- \/wp:list-item -->\n<\/ul>\n<p>Um einen ersten Eindruck von unserer Arbeit vor Ort zu bekommen, finden Sie hier einen ersten \u00dcberblick:\u00a0<\/p>\n<p><a href=\"https:\/\/www.youtube.com\/watch?v=c02Dc_SKdok\" target=\"_blank\" rel=\"noopener noreferrer nofollow\">https:\/\/www.youtube.com\/watch?v=c02Dc_SKdok<\/a><\/p>\n<!-- \/wp:list -->\n\n<!-- wp:heading {\"level\":3} -->\n<h3 class=\"wp-block-heading\">M\u00f6chten Sie Teil dieses menschlichen Abenteuers sein?\u00a0<\/h3>\n<!-- \/wp:heading -->\n\n<!-- wp:paragraph -->\n<p>Senden Sie Ihren Lebenslauf und ein paar Zeilen zu Ihrer Motivation an: <a href=\"mailto:job@asdliege.be\">job@asdliege.be<\/a><\/p>\n<!-- \/wp:paragraph -->\n\n<!-- wp:paragraph -->\n<p><em><strong>Entdecken Sie eine andere Art der \u00abPflege\u00bb... Eine Art, die zu Ihnen passt!<\/strong><\/em><\/p>\n<!-- \/wp:paragraph -->","protected":false},"author":3,"featured_media":4728,"parent":0,"template":"","format":"standard","meta":{"_acf_changed":false,"_seopress_robots_primary_cat":"","_seopress_titles_title":"","_seopress_titles_desc":"","_seopress_robots_index":"","footnotes":""},"categories":[35],"diplome":[234],"fonction":[181,195,196],"region":[14],"service_tax":[24],"statut":[],"temps-de-travail":[252,251,218],"type-de-contrat":[40,215],"class_list":["post-5421","offre-demploi","type-offre-demploi","status-publish","format-standard","has-post-thumbnail","hentry","category-offres-demploi-cat","diplome-bac","fonction-aide-soignant-e","fonction-etudiant-e","fonction-infirmier-ere","region-liege-huy-waremme","service_tax-soins-infirmiers","temps-de-travail-28h-semaine","temps-de-travail-32h-semaine","temps-de-travail-temps-partiel","type-de-contrat-cdd","type-de-contrat-etudiant"],"acf":[],"_links":{"self":[{"href":"http:\/\/liege.aideetsoinsadomicile.be\/de\/wp-json\/wp\/v2\/offre-demploi\/5421","targetHints":{"allow":["GET"]}}],"collection":[{"href":"http:\/\/liege.aideetsoinsadomicile.be\/de\/wp-json\/wp\/v2\/offre-demploi"}],"about":[{"href":"http:\/\/liege.aideetsoinsadomicile.be\/de\/wp-json\/wp\/v2\/types\/offre-demploi"}],"author":[{"embeddable":true,"href":"http:\/\/liege.aideetsoinsadomicile.be\/de\/wp-json\/wp\/v2\/users\/3"}],"version-history":[{"count":8,"href":"http:\/\/liege.aideetsoinsadomicile.be\/de\/wp-json\/wp\/v2\/offre-demploi\/5421\/revisions"}],"predecessor-version":[{"id":5921,"href":"http:\/\/liege.aideetsoinsadomicile.be\/de\/wp-json\/wp\/v2\/offre-demploi\/5421\/revisions\/5921"}],"wp:featuredmedia":[{"embeddable":true,"href":"http:\/\/liege.aideetsoinsadomicile.be\/de\/wp-json\/wp\/v2\/media\/4728"}],"wp:attachment":[{"href":"http:\/\/liege.aideetsoinsadomicile.be\/de\/wp-json\/wp\/v2\/media?parent=5421"}],"wp:term":[{"taxonomy":"category","embeddable":true,"href":"http:\/\/liege.aideetsoinsadomicile.be\/de\/wp-json\/wp\/v2\/categories?post=5421"},{"taxonomy":"diplome","embeddable":true,"href":"http:\/\/liege.aideetsoinsadomicile.be\/de\/wp-json\/wp\/v2\/diplome?post=5421"},{"taxonomy":"fonction","embeddable":true,"href":"http:\/\/liege.aideetsoinsadomicile.be\/de\/wp-json\/wp\/v2\/fonction?post=5421"},{"taxonomy":"region","embeddable":true,"href":"http:\/\/liege.aideetsoinsadomicile.be\/de\/wp-json\/wp\/v2\/region?post=5421"},{"taxonomy":"service_tax","embeddable":true,"href":"http:\/\/liege.aideetsoinsadomicile.be\/de\/wp-json\/wp\/v2\/service_tax?post=5421"},{"taxonomy":"statut","embeddable":true,"href":"http:\/\/liege.aideetsoinsadomicile.be\/de\/wp-json\/wp\/v2\/statut?post=5421"},{"taxonomy":"temps-de-travail","embeddable":true,"href":"http:\/\/liege.aideetsoinsadomicile.be\/de\/wp-json\/wp\/v2\/temps-de-travail?post=5421"},{"taxonomy":"type-de-contrat","embeddable":true,"href":"http:\/\/liege.aideetsoinsadomicile.be\/de\/wp-json\/wp\/v2\/type-de-contrat?post=5421"}],"curies":[{"name":"wp","href":"https:\/\/api.w.org\/{rel}","templated":true}]}}

<h3 class="wp-block-heading">Wer sind wir? </h3>



<p><strong>Hilfe und Pflege zu Hause Lüttich – Huy – Waremme</strong>, bietet in Zusammenarbeit mit der Mutualité Chrétienne de Liège integrierte und multidisziplinäre Hilfs- und Pflegedienste für zu Hause in den Bezirken Lüttich – Huy – Waremme an und koordiniert diese.</p>
<p>Sie fördert die Vernetzung, um den Bedürfnissen der Patientinnen und Patienten gerecht zu werden.</p>
<p>Dazu kann sie auf die Zusammenarbeit von mehr als 750 Fachkräften zählen (Haushaltshilfen, Krankenpfleger, Pflegehelfer, Haushälter, Koordinatoren, Sozialhaushaltshilfen, Allround-Arbeiter, Kinderpfleger usw.).</p>



<h3 class="wp-block-heading">Ihre Aufgaben</h3>
<p>Als Teil eines Teams und im Rahmen einer interdisziplinären Zusammenarbeit besteht die Aufgabe der Pflegekraft darin, eine Gruppe von Patienten zu Hause umfassend (pflegerisch und psychosozial) zu betreuen, um deren Gesundheit und Wohlbefinden zu erhalten, zu verbessern oder wiederherzustellen und ihre Selbstständigkeit zu fördern. Sie arbeiten unter der Verantwortung der leitenden Pflegekraft Ihres Bereichs im Rahmen von Pflegediensten und kümmern sich um die Betreuung der Patienten und die Verwaltung der Unterlagen (Führen der Pflegeakten, Überwachen der ärztlichen Verschreibungen usw.).</p>



<h3 class="wp-block-heading">Gesuchtes Profil </h3>



<ul class="wp-block-list">
<li>Inhaber/in eines Diploms als Krankenpfleger/in (Bachelor, Fachhochschulabschluss), einer VISA-Zulassung zur Ausübung des Berufs als Krankenpfleger/in und einer INAMI-Nummer (der Antrag kann bei der Einstellung gestellt werden) </li>
<li>Führerschein Klasse B besitzen.</li>
<li>Teamgeist haben</li>
<li>Den Patienten in den Mittelpunkt stellen </li>
<li>Sie legen Wert auf Qualität und Kontinuität der Pflege</li>
<li>Sie sind dynamisch, organisiert, zuverlässig, flexibel und gewissenhaft.</li>
<li>Sie sind selbstständig und können im Team arbeiten.</li>
<li>Sie verfolgen Ihre Projekte konsequent.</li>
</ul>



<ul class="wp-block-list"></ul>
<!-- /wp:post-content -->

<!-- wp:heading {"level":3} -->
<h3 class="wp-block-heading">Was wir bieten </h3>
<!-- /wp:heading -->

<!-- wp:list -->
<ul class="wp-block-list">
<!-- wp:list-item -->
<li>Ein menschliches Abenteuer, das Tag für Tag in einem multidisziplinären Team mit den Werkzeugen Kommunikation und gegenseitige Hilfe aufgebaut wird.</li>
<li>Möglichkeiten zur beruflichen und persönlichen Weiterentwicklung durch Fortbildungen, vielfältige technische Tätigkeiten und eine vielfältige Patientenschaft. Unser Ansatz gegenüber den Patienten ist eine ganzheitliche Betreuung, die sich auf drei Dimensionen stützt: soziale, physische und psychische.</li>
<li>Ein Job, der Selbstständigkeit und Verantwortung in einer überschaubaren Struktur ermöglicht.</li>
<li>Ein befristeter Vertrag für Abend- und/oder Wochenenddienste in unseren drei Bezirken (Lüttich-Huy-Waremme; je nach Ihrem Wohnort).</li>
<li>Ein Gehaltspaket auf der Grundlage der IFIC-Tarife mit folgenden Leistungen: Tankkarte, Zeitzuschläge/Wochenendzuschläge und ein Tablet für die berufliche Nutzung.</li>
<!-- /wp:list-item -->
</ul>
<p>Um einen ersten Eindruck von unserer Arbeit vor Ort zu bekommen, finden Sie hier einen ersten Überblick: </p>
<p><a href="https://www.youtube.com/watch?v=c02Dc_SKdok" target="_blank" rel="noopener noreferrer nofollow">https://www.youtube.com/watch?v=c02Dc_SKdok</a></p>
<!-- /wp:list -->

<!-- wp:heading {"level":3} -->
<h3 class="wp-block-heading">Möchten Sie Teil dieses menschlichen Abenteuers sein? </h3>
<!-- /wp:heading -->

<!-- wp:paragraph -->
<p>Senden Sie Ihren Lebenslauf und ein paar Zeilen zu Ihrer Motivation an: <a href="mailto:job@asdliege.be">job@asdliege.be</a></p>
<!-- /wp:paragraph -->

<!-- wp:paragraph -->
<p><em><strong>Entdecken Sie eine andere Art der «Pflege»... Eine Art, die zu Ihnen passt!</strong></em></p>
<!-- /wp:paragraph -->
